-- MySQL Administrator dump 1.4
--
-- ------------------------------------------------------





--
-- Create schema itforce
--

CREATE DATABASE IF NOT EXISTS itforce;
USE itforce;

--
-- Definition of table `jos_banner`
--

CREATE TABLE `jos_banner` (
  `bid` int(11) NOT NULL auto_increment,
  `cid` int(11) NOT NULL default '0',
  `type` varchar(30) NOT NULL default 'banner',
  `name` varchar(255) NOT NULL default '',
  `alias` varchar(255) NOT NULL default '',
  `imptotal` int(11) NOT NULL default '0',
  `impmade` int(11) NOT NULL default '0',
  `clicks` int(11) NOT NULL default '0',
  `imageurl` varchar(100) NOT NULL default '',
  `clickurl` varchar(200) NOT NULL default '',
  `date` datetime default NULL,
  `showBanner` tinyint(1) NOT NULL default '0',
  `checked_out` tinyint(1) NOT NULL default '0',
  `checked_out_time` datetime NOT NULL default '0000-00-00 00:00:00',
  `editor` varchar(50) default NULL,
  `custombannercode` text,
  `catid` int(10) unsigned NOT NULL default '0',
  `description` text NOT NULL,
  `sticky` tinyint(1) unsigned NOT NULL default '0',
  `ordering` int(11) NOT NULL default '0',
  `publish_up` datetime NOT NULL default '0000-00-00 00:00:00',
  `publish_down` datetime NOT NULL default '0000-00-00 00:00:00',
  `tags` text NOT NULL,
  `params` text NOT NULL,
  PRIMARY KEY  (`bid`),
  KEY `viewbanner` (`showBanner`),
  KEY `idx_banner_catid` (`catid`)
) ENGINE=MyISAM AUTO_INCREMENT=9 DEFAULT CHARSET=utf8;

--
-- Dumping data for table `jos_banner`
--

INSERT INTO `jos_banner` (`bid`,`cid`,`type`,`name`,`alias`,`imptotal`,`impmade`,`clicks`,`imageurl`,`clickurl`,`date`,`showBanner`,`checked_out`,`checked_out_time`,`editor`,`custombannercode`,`catid`,`description`,`sticky`,`ordering`,`publish_up`,`publish_down`,`tags`,`params`) VALUES 
 (1,1,'banner','OSM 1','osm-1',0,43,0,'osmbanner1.png','http://www.opensourcematters.org','2004-07-07 15:31:29',1,0,'0000-00-00 00:00:00','','',13,'',0,1,'0000-00-00 00:00:00','0000-00-00 00:00:00','',''),
 (2,1,'banner','OSM 2','osm-2',0,49,0,'osmbanner2.png','http://www.opensourcematters.org','2004-07-07 15:31:29',1,0,'0000-00-00 00:00:00','','',13,'',0,2,'0000-00-00 00:00:00','0000-00-00 00:00:00','',''),
 (3,1,'','Joomla!','joomla',0,188,0,'','http://www.joomla.org','2006-05-29 14:21:28',1,0,'0000-00-00 00:00:00','','<a href=\"{CLICKURL}\" target=\"_blank\">{NAME}</a>\r\n<br/>\r\nJoomla! The most popular and widely used Open Source CMS Project in the world.',14,'',0,1,'0000-00-00 00:00:00','0000-00-00 00:00:00','',''),
 (4,1,'','JoomlaCode','joomlacode',0,188,0,'','http://joomlacode.org','2006-05-29 14:19:26',1,0,'0000-00-00 00:00:00','','<a href=\"{CLICKURL}\" target=\"_blank\">{NAME}</a>\r\n<br/>\r\nJoomlaCode, development and distribution made easy.',14,'',0,2,'0000-00-00 00:00:00','0000-00-00 00:00:00','',''),
 (5,1,'','Joomla! Extensions','joomla-extensions',0,183,0,'','http://extensions.joomla.org','2006-05-29 14:23:21',1,0,'0000-00-00 00:00:00','','<a href=\"{CLICKURL}\" target=\"_blank\">{NAME}</a>\r\n<br/>\r\nJoomla! Components, Modules, Plugins and Languages by the bucket load.',14,'',0,3,'0000-00-00 00:00:00','0000-00-00 00:00:00','',''),
 (6,1,'','Joomla! Shop','joomla-shop',0,183,0,'','http://shop.joomla.org','2006-05-29 14:23:21',1,0,'0000-00-00 00:00:00','','<a href=\"{CLICKURL}\" target=\"_blank\">{NAME}</a>\r\n<br/>\r\nFor all your Joomla! merchandise.',14,'',0,4,'0000-00-00 00:00:00','0000-00-00 00:00:00','',''),
 (7,1,'','Joomla! Promo Shop','joomla-promo-shop',0,9,1,'shop-ad.jpg','http://shop.joomla.org','2007-09-19 17:26:24',1,0,'0000-00-00 00:00:00','','',33,'',0,3,'0000-00-00 00:00:00','0000-00-00 00:00:00','',''),
 (8,1,'','Joomla! Promo Books','joomla-promo-books',0,9,0,'shop-ad-books.jpg','http://shop.joomla.org/amazoncom-bookstores.html','2007-09-19 17:28:01',1,0,'0000-00-00 00:00:00','','',33,'',0,4,'0000-00-00 00:00:00','0000-00-00 00:00:00','','');


--
-- Definition of table `jos_bannerclient`
--

CREATE TABLE `jos_bannerclient` (
  `cid` int(11) NOT NULL auto_increment,
  `name` varchar(255) NOT NULL default '',
  `contact` varchar(255) NOT NULL default '',
  `email` varchar(255) NOT NULL default '',
  `extrainfo` text NOT NULL,
  `checked_out` tinyint(1) NOT NULL default '0',
  `checked_out_time` time default NULL,
  `editor` varchar(50) default NULL,
  PRIMARY KEY  (`cid`)
) ENGINE=MyISAM AUTO_INCREMENT=2 DEFAULT CHARSET=utf8;

--
-- Dumping data for table `jos_bannerclient`
--

INSERT INTO `jos_bannerclient` (`cid`,`name`,`contact`,`email`,`extrainfo`,`checked_out`,`checked_out_time`,`editor`) VALUES 
 (1,'Open Source Matters','Administrator','admin@opensourcematters.org','',0,'00:00:00',NULL);


--
-- Definition of table `jos_bannertrack`
--

CREATE TABLE `jos_bannertrack` (
  `track_date` date NOT NULL,
  `track_type` int(10) unsigned NOT NULL,
  `banner_id` int(10) unsigned NOT NULL
) ENGINE=MyISAM DEFAULT CHARSET=utf8;

--
-- Dumping data for table `jos_bannertrack`
--



--
-- Definition of table `jos_categories`
--

CREATE TABLE `jos_categories` (
  `id` int(11) NOT NULL auto_increment,
  `parent_id` int(11) NOT NULL default '0',
  `title` varchar(255) NOT NULL default '',
  `name` varchar(255) NOT NULL default '',
  `alias` varchar(255) NOT NULL default '',
  `image` varchar(255) NOT NULL default '',
  `section` varchar(50) NOT NULL default '',
  `image_position` varchar(30) NOT NULL default '',
  `description` text NOT NULL,
  `published` tinyint(1) NOT NULL default '0',
  `checked_out` int(11) unsigned NOT NULL default '0',
  `checked_out_time` datetime NOT NULL default '0000-00-00 00:00:00',
  `editor` varchar(50) default NULL,
  `ordering` int(11) NOT NULL default '0',
  `access` tinyint(3) unsigned NOT NULL default '0',
  `count` int(11) NOT NULL default '0',
  `params` text NOT NULL,
  PRIMARY KEY  (`id`),
  KEY `cat_idx` (`section`,`published`,`access`),
  KEY `idx_access` (`access`),
  KEY `idx_checkout` (`checked_out`)
) ENGINE=MyISAM AUTO_INCREMENT=40 DEFAULT CHARSET=utf8;

--
-- Dumping data for table `jos_categories`
--

INSERT INTO `jos_categories` (`id`,`parent_id`,`title`,`name`,`alias`,`image`,`section`,`image_position`,`description`,`published`,`checked_out`,`checked_out_time`,`editor`,`ordering`,`access`,`count`,`params`) VALUES 
 (2,0,'Joomla! Specific Links','','joomla-specific-links','clock.jpg','com_weblinks','left','A selection of links that are all related to the Joomla! Project.',1,0,'0000-00-00 00:00:00',NULL,1,0,0,''),
 (4,0,'Joomla!','','joomla','','com_newsfeeds','left','',1,0,'0000-00-00 00:00:00',NULL,2,0,0,''),
 (5,0,'Free and Open Source Software','','free-and-open-source-software','','com_newsfeeds','left','Read the latest news about free and open source software from some of its leading advocates.',1,0,'0000-00-00 00:00:00',NULL,3,0,0,''),
 (6,0,'Related Projects','','related-projects','','com_newsfeeds','left','Joomla builds on and collaborates with many other free and open source projects. Keep up with the latest news from some of them.',1,0,'0000-00-00 00:00:00',NULL,4,0,0,''),
 (12,0,'Contacts','','contacts','','com_contact_details','left','Contact Details for this Web site',1,0,'0000-00-00 00:00:00',NULL,0,0,0,''),
 (13,0,'Joomla','','joomla','','com_banner','left','',1,0,'0000-00-00 00:00:00',NULL,0,0,0,''),
 (14,0,'Text Ads','','text-ads','','com_banner','left','',1,0,'0000-00-00 00:00:00',NULL,0,0,0,''),
 (15,0,'Features','','features','','com_content','left','',0,0,'0000-00-00 00:00:00',NULL,6,0,0,''),
 (17,0,'Benefits','','benefits','','com_content','left','',0,0,'0000-00-00 00:00:00',NULL,4,0,0,''),
 (18,0,'Platforms','','platforms','','com_content','left','',0,0,'0000-00-00 00:00:00',NULL,3,0,0,''),
 (19,0,'Other Resources','','other-resources','','com_weblinks','left','',1,0,'0000-00-00 00:00:00',NULL,2,0,0,''),
 (33,0,'Joomla! Promo','','joomla-promo','','com_banner','left','',1,0,'0000-00-00 00:00:00',NULL,1,0,0,''),
 (34,0,'Новости','','news','','5','left','',1,0,'0000-00-00 00:00:00',NULL,4,0,0,''),
 (35,0,'Продукты','','products','','5','left','',1,0,'0000-00-00 00:00:00',NULL,4,0,0,''),
 (36,0,'Бизнес-решения','','business','','5','left','',1,0,'0000-00-00 00:00:00',NULL,5,0,0,''),
 (37,0,'Общее','','itforce','','5','left','',1,0,'0000-00-00 00:00:00',NULL,6,0,0,''),
 (38,0,'Клиенты','','clients','','5','left','',1,0,'0000-00-00 00:00:00',NULL,7,0,0,''),
 (39,0,'Проекты','','projects','','5','left','<p>Выполненные проекты компании</p>',1,0,'0000-00-00 00:00:00',NULL,8,0,0,'');


--
-- Definition of table `jos_chrono_contact`
--

CREATE TABLE `jos_chrono_contact` (
  `id` int(11) NOT NULL auto_increment,
  `name` text NOT NULL,
  `html` longtext NOT NULL,
  `scriptcode` longtext NOT NULL,
  `redirecturl` text NOT NULL,
  `emailresults` tinyint(1) NOT NULL,
  `extraemail` text NOT NULL,
  `emailsubject` text NOT NULL,
  `onsubmitcode` longtext NOT NULL,
  `onsubmitcodeb4` longtext NOT NULL,
  `attformtag` longtext NOT NULL,
  `submiturl` text NOT NULL,
  `emailtemplate` longtext NOT NULL,
  `paramsall` longtext NOT NULL,
  `titlesall` longtext NOT NULL,
  `autogenerated` longtext NOT NULL,
  `published` tinyint(1) NOT NULL,
  PRIMARY KEY  (`id`)
) ENGINE=InnoDB AUTO_INCREMENT=2 DEFAULT CHARSET=utf8;

--
-- Dumping data for table `jos_chrono_contact`
--

INSERT INTO `jos_chrono_contact` (`id`,`name`,`html`,`scriptcode`,`redirecturl`,`emailresults`,`extraemail`,`emailsubject`,`onsubmitcode`,`onsubmitcodeb4`,`attformtag`,`submiturl`,`emailtemplate`,`paramsall`,`titlesall`,`autogenerated`,`published`) VALUES 
 (1,'question','<div class=\"componentheading\">Отправить вопрос</div>\r\n\r\n<table cellpadding=\"0\" cellspacing=\"0\" border=\"0\" width=\"100%\" class=\"contentpane\">\r\n<tr>\r\n\r\n		<td valign=\"top\" nowrap>Вопрос:</td>\r\n		<td><textarea name=\"ques\" cols=\"31\" rows=\"4\" id=\"ques\"></textarea>		</td>\r\n	</tr>\r\n\r\n<tr>\r\n	<td width=\"30%\" height=\"40\">\r\n		<label id=\"namemsg\" for=\"name\">\r\n			Фамилия Имя Отчество:\r\n		</label>\r\n\r\n	</td>\r\n  	<td>\r\n  		<input type=\"text\" name=\"name\" id=\"name\" size=\"40\" value=\"\" class=\"inputbox required\" maxlength=\"50\" /> *\r\n  	</td>\r\n</tr>\r\n\r\n<tr>\r\n   <td width=\"30%\" height=\"40\">\r\n      <label id=\"phonemsg\" for=\"phone\">Контактный телефон:      </label>   </td>\r\n\r\n     <td>\r\n        <input type=\"text\" name=\"phone\" id=\"phone\" size=\"40\" value=\"\" class=\"inputbox required\" maxlength=\"50\" /> *     </td>\r\n</tr>\r\n\r\n<tr>\r\n   <td width=\"30%\" height=\"40\">\r\n      <label id=\"organizationmsg\" for=\"organization\">Организация:      </label>   </td>\r\n     <td>\r\n\r\n        <input type=\"text\" name=\"organization\" id=\"organization\" size=\"40\" value=\"\" class=\"inputbox required\" maxlength=\"50\" /> *     </td>\r\n</tr>\r\n\r\n<tr>\r\n   <td width=\"30%\" height=\"40\">\r\n      <label id=\"businessmsg\" for=\"business\">Вид деятельности организации:      </label>   </td>\r\n     <td>\r\n        <input type=\"text\" name=\"business\" id=\"business\" size=\"40\" value=\"\" class=\"inputbox required\" maxlength=\"50\" /> *     </td>\r\n\r\n</tr>\r\n<tr>\r\n   <td width=\"30%\" height=\"40\">\r\n      <label id=\"locationmsg\" for=\"location\">Город:      </label>   </td>\r\n     <td>\r\n        <input type=\"text\" name=\"location\" id=\"location\" size=\"40\" value=\"\" class=\"inputbox required\" maxlength=\"50\" /> *     </td>\r\n</tr>\r\n\r\n<tr>\r\n\r\n	<td height=\"40\">\r\n		<label id=\"emailmsg\" for=\"email\">\r\n			E-mail:\r\n		</label>\r\n	</td>\r\n	<td>\r\n		<input type=\"text\" id=\"email\" name=\"email\" size=\"40\" value=\"\" class=\"inputbox required validate-email\" maxlength=\"100\" /> *\r\n	</td>\r\n</tr>\r\n<tr>\r\n		<td colspan=\"1\">&nbsp;</td>\r\n	  </tr>\r\n	<tr>\r\n		<td>&nbsp;\r\n		<input type=\"submit\" name=\"Submit\" value=\"Отправить\" />\r\n</td>\r\n	</tr>\r\n<tr>\r\n\r\n	<td colspan=\"2\" height=\"40\">\r\n		Все поля, отмеченные звездочкой (*), обязательны для заполнения.	</td>\r\n</tr>\r\n</table>\r\n','','',2,'igor.bakhtin@gmail.com','Вопрос с сайта ','Ваш вопрос отправлен.<br/>\r\nВ ближайшее время наш менеджер постарается на него ответить. <br/>\r\nСпасибо.<br/>','','','','Вопрос с сайта itforce.ru<br/>\r\nВопрос:{ques}<br/>\r\n\r\nФамилия Имя Отчество:{name}<br/>\r\n\r\nКонтактный телефон:{phone}<br/>\r\nОрганизация:{organization}<br/>\r\nВид деятельности организации:{business}<br/>\r\nГород:{location}<br/>\r\nE-mail:{email}<br/>','ccemail=\nbccemail=\nformmethod=post\nomittedfields=\nrecip=Yes\nfrom_email=bisrek@mail.ru\nfrom_name=Вопрос с сайта\nreplyto_email=\nreplyto_name=\nemail_type=2\ndebug=0\nmysql_type=1\nenmambots=No\nemailfield=\nsubjectfield=\nccfield=\nbccfield=\nfromemailfield=\nfromnamefield=\nuploads=No\nuploadfields=\nuploadmax=\nuploadmin=\ndvfields=\ndvrecord=Record #n\nimagever=No\nimtype=0\nvalidate=Yes\nvalidatetype=prototype\nval_required=ques, name, phone, organization, business, location, email\nval_validate_number=\nval_validate_digits=\nval_validate_alpha=\nval_validate_alphanum=\nval_validate_date=\nval_validate_email=email\nval_validate_url=\nval_validate_date_au=\nval_validate_currency_dollar=\nval_validate_selection=\nval_validate_one_required=\nautogenerated_order=3\nonsubmitcode_order=2\nplugins_order=1\nplugins=\nmplugins_order=','','',0);


--
-- Definition of table `jos_chrono_contact_plugins`
--

CREATE TABLE `jos_chrono_contact_plugins` (
  `id` int(11) NOT NULL auto_increment,
  `form_id` int(11) NOT NULL,
  `name` varchar(255) NOT NULL,
  `event` varchar(255) NOT NULL,
  `params` longtext NOT NULL,
  `extra1` longtext NOT NULL,
  `extra2` longtext NOT NULL,
  `extra3` longtext NOT NULL,
  `extra4` longtext NOT NULL,
  `extra5` longtext NOT NULL,
  PRIMARY KEY  (`id`)
) ENGINE=InnoDB DEFAULT CHARSET=utf8;

--
-- Dumping data for table `jos_chrono_contact_plugins`
--



--
-- Definition of table `jos_components`
--

CREATE TABLE `jos_components` (
  `id` int(11) NOT NULL auto_increment,
  `name` varchar(50) NOT NULL default '',
  `link` varchar(255) NOT NULL default '',
  `menuid` int(11) unsigned NOT NULL default '0',
  `parent` int(11) unsigned NOT NULL default '0',
  `admin_menu_link` varchar(255) NOT NULL default '',
  `admin_menu_alt` varchar(255) NOT NULL default '',
  `option` varchar(50) NOT NULL default '',
  `ordering` int(11) NOT NULL default '0',
  `admin_menu_img` varchar(255) NOT NULL default '',
  `iscore` tinyint(4) NOT NULL default '0',
  `params` text NOT NULL,
  `enabled` tinyint(4) NOT NULL default '1',
  PRIMARY KEY  (`id`),
  KEY `parent_option` (`parent`,`option`(32))
) ENGINE=MyISAM AUTO_INCREMENT=45 DEFAULT CHARSET=utf8;

--
-- Dumping data for table `jos_components`
--

INSERT INTO `jos_components` (`id`,`name`,`link`,`menuid`,`parent`,`admin_menu_link`,`admin_menu_alt`,`option`,`ordering`,`admin_menu_img`,`iscore`,`params`,`enabled`) VALUES 
 (1,'Banners','',0,0,'','Banner Management','com_banners',0,'js/ThemeOffice/component.png',0,'track_impressions=0\ntrack_clicks=0\ntag_prefix=\n\n',1),
 (2,'Banners','',0,1,'option=com_banners','Active Banners','com_banners',1,'js/ThemeOffice/edit.png',0,'',1),
 (3,'Clients','',0,1,'option=com_banners&c=client','Manage Clients','com_banners',2,'js/ThemeOffice/categories.png',0,'',1),
 (4,'Web Links','option=com_weblinks',0,0,'','Manage Weblinks','com_weblinks',0,'js/ThemeOffice/component.png',0,'show_comp_description=1\ncomp_description=\nshow_link_hits=1\nshow_link_description=1\nshow_other_cats=1\nshow_headings=1\nshow_page_title=1\nlink_target=0\nlink_icons=\n\n',1),
 (5,'Links','',0,4,'option=com_weblinks','View existing weblinks','com_weblinks',1,'js/ThemeOffice/edit.png',0,'',1),
 (6,'Categories','',0,4,'option=com_categories&section=com_weblinks','Manage weblink categories','',2,'js/ThemeOffice/categories.png',0,'',1),
 (7,'Contacts','option=com_contact',0,0,'','Edit contact details','com_contact',0,'js/ThemeOffice/component.png',1,'contact_icons=0\nicon_address=\nicon_email=\nicon_telephone=\nicon_fax=\nicon_misc=\nshow_headings=1\nshow_position=1\nshow_email=0\nshow_telephone=1\nshow_mobile=1\nshow_fax=1\nbannedEmail=\nbannedSubject=\nbannedText=\nsession=1\ncustomReply=0\n\n',1),
 (8,'Contacts','',0,7,'option=com_contact','Edit contact details','com_contact',0,'js/ThemeOffice/edit.png',1,'',1),
 (9,'Categories','',0,7,'option=com_categories&section=com_contact_details','Manage contact categories','',2,'js/ThemeOffice/categories.png',1,'contact_icons=0\nicon_address=\nicon_email=\nicon_telephone=\nicon_fax=\nicon_misc=\nshow_headings=1\nshow_position=1\nshow_email=0\nshow_telephone=1\nshow_mobile=1\nshow_fax=1\nbannedEmail=\nbannedSubject=\nbannedText=\nsession=1\ncustomReply=0\n\n',1),
 (10,'Polls','option=com_poll',0,0,'option=com_poll','Manage Polls','com_poll',0,'js/ThemeOffice/component.png',0,'',1),
 (11,'News Feeds','option=com_newsfeeds',0,0,'','News Feeds Management','com_newsfeeds',0,'js/ThemeOffice/component.png',0,'',1),
 (12,'Feeds','',0,11,'option=com_newsfeeds','Manage News Feeds','com_newsfeeds',1,'js/ThemeOffice/edit.png',0,'show_headings=1\nshow_name=1\nshow_articles=1\nshow_link=1\nshow_cat_description=1\nshow_cat_items=1\nshow_feed_image=1\nshow_feed_description=1\nshow_item_description=1\nfeed_word_count=0\n\n',1),
 (13,'Categories','',0,11,'option=com_categories&section=com_newsfeeds','Manage Categories','',2,'js/ThemeOffice/categories.png',0,'',1),
 (14,'User','option=com_user',0,0,'','','com_user',0,'',1,'',1),
 (15,'Search','option=com_search',0,0,'option=com_search','Search Statistics','com_search',0,'js/ThemeOffice/component.png',1,'enabled=0\n\n',1),
 (16,'Categories','',0,1,'option=com_categories&section=com_banner','Categories','',3,'',1,'',1),
 (17,'Wrapper','option=com_wrapper',0,0,'','Wrapper','com_wrapper',0,'',1,'',1),
 (18,'Mail To','',0,0,'','','com_mailto',0,'',1,'',1),
 (19,'Media Manager','',0,0,'option=com_media','Media Manager','com_media',0,'',1,'upload_extensions=bmp,csv,doc,epg,gif,ico,jpg,odg,odp,ods,odt,pdf,png,ppt,swf,txt,xcf,xls,BMP,CSV,DOC,EPG,GIF,ICO,JPG,ODG,ODP,ODS,ODT,PDF,PNG,PPT,SWF,TXT,XCF,XLS\nupload_maxsize=10000000\nfile_path=images\nimage_path=images/stories\nrestrict_uploads=1\nallowed_media_usergroup=3\ncheck_mime=1\nimage_extensions=bmp,gif,jpg,png\nignore_extensions=\nupload_mime=image/jpeg,image/gif,image/png,image/bmp,application/x-shockwave-flash,application/msword,application/excel,application/pdf,application/powerpoint,text/plain,application/x-zip\nupload_mime_illegal=text/html\nenable_flash=0\n\n',1),
 (20,'Articles','option=com_content',0,0,'','','com_content',0,'',1,'show_noauth=0\nshow_title=1\nlink_titles=0\nshow_intro=1\nshow_section=0\nlink_section=0\nshow_category=0\nlink_category=0\nshow_author=0\nshow_create_date=0\nshow_modify_date=0\nshow_item_navigation=0\nshow_readmore=1\nshow_vote=0\nshow_icons=1\nshow_pdf_icon=0\nshow_print_icon=1\nshow_email_icon=1\nshow_hits=1\nfeed_summary=0\nfilter_tags=\nfilter_attritbutes=\n\n',1),
 (21,'Configuration Manager','',0,0,'','Configuration','com_config',0,'',1,'',1),
 (22,'Installation Manager','',0,0,'','Installer','com_installer',0,'',1,'',1),
 (23,'Language Manager','',0,0,'','Languages','com_languages',0,'',1,'site=ru-RU\nadministrator=en-GB\n\n',1),
 (24,'Mass mail','',0,0,'','Mass Mail','com_massmail',0,'',1,'mailSubjectPrefix=\nmailBodySuffix=\n\n',1),
 (25,'Menu Editor','',0,0,'','Menu Editor','com_menus',0,'',1,'',1),
 (27,'Messaging','',0,0,'','Messages','com_messages',0,'',1,'',1),
 (28,'Modules Manager','',0,0,'','Modules','com_modules',0,'',1,'',1),
 (29,'Plugin Manager','',0,0,'','Plugins','com_plugins',0,'',1,'',1),
 (30,'Template Manager','',0,0,'','Templates','com_templates',0,'',1,'',1),
 (31,'User Manager','',0,0,'','Users','com_users',0,'',1,'allowUserRegistration=1\nnew_usertype=Registered\nuseractivation=1\nfrontend_userparams=1\n\n',1),
 (32,'Cache Manager','',0,0,'','Cache','com_cache',0,'',1,'',1),
 (33,'Control Panel','',0,0,'','Control Panel','com_cpanel',0,'',1,'',1),
 (42,'Chrono Forms','option=com_chronocontact',0,0,'option=com_chronocontact','Chrono Forms','com_chronocontact',0,'js/ThemeOffice/component.png',0,'',1),
 (43,'Forms Management','',0,42,'option=com_chronocontact&act=all','Forms Management','com_chronocontact',0,'js/ThemeOffice/component.png',0,'',1),
 (44,'Menu Creator','',0,42,'option=com_chronocontact&task=menu_creator','Menu Creator','com_chronocontact',1,'js/ThemeOffice/component.png',0,'',1);


--
-- Definition of table `jos_contact_details`
--

CREATE TABLE `jos_contact_details` (
  `id` int(11) NOT NULL auto_increment,
  `name` varchar(255) NOT NULL default '',
  `alias` varchar(255) NOT NULL default '',
  `con_position` varchar(255) default NULL,
  `address` text,
  `suburb` varchar(100) default NULL,
  `state` varchar(100) default NULL,
  `country` varchar(100) default NULL,
  `postcode` varchar(100) default NULL,
  `telephone` varchar(255) default NULL,
  `fax` varchar(255) default NULL,
  `misc` mediumtext,
  `image` varchar(255) default NULL,
  `imagepos` varchar(20) default NULL,
  `email_to` varchar(255) default NULL,
  `default_con` tinyint(1) unsigned NOT NULL default '0',
  `published` tinyint(1) unsigned NOT NULL default '0',
  `checked_out` int(11) unsigned NOT NULL default '0',
  `checked_out_time` datetime NOT NULL default '0000-00-00 00:00:00',
  `ordering` int(11) NOT NULL default '0',
  `params` text NOT NULL,
  `user_id` int(11) NOT NULL default '0',
  `catid` int(11) NOT NULL default '0',
  `access` tinyint(3) unsigned NOT NULL default '0',
  `mobile` varchar(255) NOT NULL default '',
  `webpage` varchar(255) NOT NULL default '',
  PRIMARY KEY  (`id`),
  KEY `catid` (`catid`)
) ENGINE=MyISAM AUTO_INCREMENT=2 DEFAULT CHARSET=utf8;

--
-- Dumping data for table `jos_contact_details`
--

INSERT INTO `jos_contact_details` (`id`,`name`,`alias`,`con_position`,`address`,`suburb`,`state`,`country`,`postcode`,`telephone`,`fax`,`misc`,`image`,`imagepos`,`email_to`,`default_con`,`published`,`checked_out`,`checked_out_time`,`ordering`,`params`,`user_id`,`catid`,`access`,`mobile`,`webpage`) VALUES 
 (1,'Name','name','Position','Street','Suburb','State','Country','Zip Code','Telephone','Fax','Miscellanous info','powered_by.png','top','email@email.com',1,1,0,'0000-00-00 00:00:00',1,'show_name=1\r\nshow_position=1\r\nshow_email=0\r\nshow_street_address=1\r\nshow_suburb=1\r\nshow_state=1\r\nshow_postcode=1\r\nshow_country=1\r\nshow_telephone=1\r\nshow_mobile=1\r\nshow_fax=1\r\nshow_webpage=1\r\nshow_misc=1\r\nshow_image=1\r\nallow_vcard=0\r\ncontact_icons=0\r\nicon_address=\r\nicon_email=\r\nicon_telephone=\r\nicon_fax=\r\nicon_misc=\r\nshow_email_form=1\r\nemail_description=1\r\nshow_email_copy=1\r\nbanned_email=\r\nbanned_subject=\r\nbanned_text=',0,12,0,'','');


--
-- Definition of table `jos_content`
--

CREATE TABLE `jos_content` (
  `id` int(11) unsigned NOT NULL auto_increment,
  `title` varchar(255) NOT NULL default '',
  `alias` varchar(255) NOT NULL default '',
  `title_alias` varchar(255) NOT NULL default '',
  `introtext` mediumtext NOT NULL,
  `fulltext` mediumtext NOT NULL,
  `state` tinyint(3) NOT NULL default '0',
  `sectionid` int(11) unsigned NOT NULL default '0',
  `mask` int(11) unsigned NOT NULL default '0',
  `catid` int(11) unsigned NOT NULL default '0',
  `created` datetime NOT NULL default '0000-00-00 00:00:00',
  `created_by` int(11) unsigned NOT NULL default '0',
  `created_by_alias` varchar(255) NOT NULL default '',
  `modified` datetime NOT NULL default '0000-00-00 00:00:00',
  `modified_by` int(11) unsigned NOT NULL default '0',
  `checked_out` int(11) unsigned NOT NULL default '0',
  `checked_out_time` datetime NOT NULL default '0000-00-00 00:00:00',
  `publish_up` datetime NOT NULL default '0000-00-00 00:00:00',
  `publish_down` datetime NOT NULL default '0000-00-00 00:00:00',
  `images` text NOT NULL,
  `urls` text NOT NULL,
  `attribs` text NOT NULL,
  `version` int(11) unsigned NOT NULL default '1',
  `parentid` int(11) unsigned NOT NULL default '0',
  `ordering` int(11) NOT NULL default '0',
  `metakey` text NOT NULL,
  `metadesc` text NOT NULL,
  `access` int(11) unsigned NOT NULL default '0',
  `hits` int(11) unsigned NOT NULL default '0',
  `metadata` text NOT NULL,
  PRIMARY KEY  (`id`),
  KEY `idx_section` (`sectionid`),
  KEY `idx_access` (`access`),
  KEY `idx_checkout` (`checked_out`),
  KEY `idx_state` (`state`),
  KEY `idx_catid` (`catid`),
  KEY `idx_createdby` (`created_by`)
) ENGINE=MyISAM AUTO_INCREMENT=78 DEFAULT CHARSET=utf8;

--
-- Dumping data for table `jos_content`
--

INSERT INTO `jos_content` (`id`,`title`,`alias`,`title_alias`,`introtext`,`fulltext`,`state`,`sectionid`,`mask`,`catid`,`created`,`created_by`,`created_by_alias`,`modified`,`modified_by`,`checked_out`,`checked_out_time`,`publish_up`,`publish_down`,`images`,`urls`,`attribs`,`version`,`parentid`,`ordering`,`metakey`,`metadesc`,`access`,`hits`,`metadata`) VALUES 
 (74,'Решения для финансового сектора','finance','','<p>Решения для финансового сектора:</p>\r\n<ul>\r\n<li><a href=\"../index.php/aktiv-process\">Модуль управления потоками работ</a> для Microsoft Axapta версии 3/4.</li>\r\n<li>Cистема <strong>расчета доходности</strong> производственного предприятия «<a href=\"../index.php/aktiv-dohodnost\">Актив-Доходность</a>»</li>\r\n<li><span><strong>С</strong><strong><strong>истема </strong>управления факторинговыми операциями</strong> «</span><a href=\"../index.php/aktiv-factoring\"><span>Актив-Факторинг</span></a><span>» </span></li>\r\n</ul>','',1,5,0,36,'2009-09-05 07:04:22',62,'','0000-00-00 00:00:00',0,0,'0000-00-00 00:00:00','2009-09-05 07:04:22','0000-00-00 00:00:00','','','show_title=\nlink_titles=\nshow_intro=\nshow_section=\nlink_section=\nshow_category=\nlink_category=\nshow_vote=\nshow_author=\nshow_create_date=\nshow_modify_date=\nshow_pdf_icon=\nshow_print_icon=\nshow_email_icon=\nlanguage=\nkeyref=\nreadmore=',1,0,4,'финансы, программное обеспечение','Решения для финансового сектора',0,3,'robots=\nauthor='),
 (75,'Решения для Факторинговых компаний','factoring-programma','','<p>Решения для Факторинговых компаний:</p>\r\n<ul>\r\n<li><span><strong>С</strong><strong><strong>истема </strong>управления факторинговыми операциями</strong> «</span><a href=\"../../index.php/aktiv-factoring\"><span>Актив-Факторинг</span></a><span>» </span></li>\r\n<li><a href=\"../../index.php/aktiv-process\">Модуль управления потоками работ</a> для Microsoft Axapta версии 3/4.</li>\r\n</ul>','',1,5,0,36,'2009-09-05 07:07:39',62,'','0000-00-00 00:00:00',0,0,'0000-00-00 00:00:00','2009-09-05 07:07:39','0000-00-00 00:00:00','','','show_title=\nlink_titles=\nshow_intro=\nshow_section=\nlink_section=\nshow_category=\nlink_category=\nshow_vote=\nshow_author=\nshow_create_date=\nshow_modify_date=\nshow_pdf_icon=\nshow_print_icon=\nshow_email_icon=\nlanguage=\nkeyref=\nreadmore=',1,0,3,'Факторинг, программное обеспечение','Решения для Факторинговых компаний',0,2,'robots=\nauthor='),
 (76,'Решения для страховых компаний','strahovanie-programma','','<p>Решения для страховых компаний:</p>\r\n<ul>\r\n<li><a href=\"../index.php/aktiv-process\">Модуль управления потоками работ</a> для Microsoft Axapta версии 3/4.</li>\r\n<li>Cистема <strong>расчета доходности</strong> производственного предприятия «<a href=\"../index.php/aktiv-dohodnost\">Актив-Доходность</a>»</li>\r\n</ul>','',1,5,0,36,'2009-09-05 07:09:24',62,'','0000-00-00 00:00:00',0,0,'0000-00-00 00:00:00','2009-09-05 07:09:24','0000-00-00 00:00:00','','','show_title=\nlink_titles=\nshow_intro=\nshow_section=\nlink_section=\nshow_category=\nlink_category=\nshow_vote=\nshow_author=\nshow_create_date=\nshow_modify_date=\nshow_pdf_icon=\nshow_print_icon=\nshow_email_icon=\nlanguage=\nkeyref=\nreadmore=',1,0,2,'страховая компания, программное обеспечение','Решения для страховых компаний',0,1,'robots=\nauthor='),
 (77,'Решения для IT','it-programma','','<p>Решения для IT:</p>\r\n<ul>\r\n<li><a href=\"../index.php/aktiv-process\">Модуль управления потоками работ</a> для Microsoft Axapta версии 3/4.</li>\r\n<li>Cистема <strong>расчета доходности</strong> производственного предприятия «<a href=\"../index.php/aktiv-dohodnost\">Актив-Доходность</a>»</li>\r\n</ul>','',1,5,0,36,'2009-09-05 07:10:57',62,'','0000-00-00 00:00:00',0,0,'0000-00-00 00:00:00','2009-09-05 07:10:57','0000-00-00 00:00:00','','','show_title=\nlink_titles=\nshow_intro=\nshow_section=\nlink_section=\nshow_category=\nlink_category=\nshow_vote=\nshow_author=\nshow_create_date=\nshow_modify_date=\nshow_pdf_icon=\nshow_print_icon=\nshow_email_icon=\nlanguage=\nkeyref=\nreadmore=',1,0,1,'IT, программное обеспечение','Решения для IT',0,1,'robots=\nauthor='),
 (45,'Группа «ITFORCE»','itforce-company','','<p>Группа «<a href=\"..//\">ITFORCE</a>» (позднее ООО «ВИАТАУ») была организована в 1999 году из специалистов имеющих опыт разработки, внедрения и сопровождения корпоративных систем на действующих торговых и производственных предприятиях. В течение 1999 – 2008 годов наши сотрудники провели двенадцать обследований предприятий, приняли участие в девяти успешных внедрениях корпоративных систем М2, Microsoft Navision, Microsoft Axapta, Системы учета факторинговых операций Банка (<a href=\"..//\">Актив Факторинг</a>), Системы «<a href=\"..//\">Актив Доходность</a>» на предприятиях различного профиля.</p>','',1,5,0,37,'2007-07-07 09:54:06',62,'','2009-07-25 07:39:24',62,0,'0000-00-00 00:00:00','2004-07-06 22:00:00','0000-00-00 00:00:00','','','show_title=\nlink_titles=\nshow_intro=\nshow_section=\nlink_section=\nshow_category=\nlink_category=\nshow_vote=\nshow_author=\nshow_create_date=\nshow_modify_date=\nshow_pdf_icon=\nshow_print_icon=\nshow_email_icon=\nlanguage=\nkeyref=\nreadmore=',5,0,5,'','',0,52,'robots=\nauthor='),
 (46,'Актив-Факторинг','aktiv-factoting','','<p><strong>Факторинг </strong>— комплекс услуг, который банк (или <strong>факторинговая компания</strong>), выступающий в роли финансового агента, оказывает компаниям, работающим со своими покупателями на условиях отсрочки платежа. Услуги факторинга включают не только предоставление поставщику и получение от покупателя денежных средств, но и контроль состояния задолженности покупателя по поставкам, осуществление напоминания дебиторам о наступлении сроков оплаты, проведение сверок с дебиторами, предоставление поставщику информации о текущем состоянии дебиторской задолженности, а также ведение аналитики по истории и текущим операциям.<br /><br /><strong>Факторинговое обслуживание</strong> является технически сложной и трудоемкой финансовой услугой. Именно поэтому качественная и комплексная автоматизация факторинговой деятельности является одним из ключевых моментов, определяющих эффективность и конкурентноспособность компании на рынке факторинговых услуг.</p>\r\n<p>Назначение ПО \"<a href=\"index.php/aktiv-factoring\">Актив-Факторинг</a>\" — <strong>автоматизация полного цикла факторинговой деятельности</strong> начиная от привлечения и анализа потенциальных клиентов и их дебиторов. В основу ее функциональности положены передовые технологии, применяемые нашими клиентами, коммерческими банками и факторинговыми компаниями, разносторонний реальный опыт успешних игроков рынка факторинговых услуг. После каждого внедрения мы с удовлетворением отмечаем появление в продукте новых возможностей, расширяющих и углубляющих функционал системы. В идейном смысле данный проект является \"открытым\" и рассматривается его создалетями как непрерывно пополняемый банк. В нем, без сомнения, найдется место и вашим идеям.</p>\r\n','\r\n<p>Ключевые возможности ПО \"<strong>Актив-Факторинг</strong>\":</p>\r\n<p>Поддержка филиальной структуры фактора.<br /><br />Применение различных факторинговых продуктов:</p>\r\n<ul>\r\n<li>Прямой факторинг с регрессом.</li>\r\n<li>Прямой факторинг без регресса.</li>\r\n<li> Обратный факторинг.</li>\r\n<li> Обеспечительный факторинг.</li>\r\n</ul>\r\n<p>Гибкая настройка комиссий позволяет:</p>\r\n<ul>\r\n<li>Настраивать любое количество тарифных планов.</li>\r\n<li>Включать в тарифный план различные виды комиссий с характерными для тарифного плана ставками.</li>\r\n<li>Вводить комиссии в привязке к различным событиям в системе и к различным базам начисления.</li>\r\n<li>Ставки комиссии могут задаваться в одно-двух параметрической тарифной сетке в привязке к динамически вычисляемым или статически установленным показателям.</li>\r\n<li>Для клиента в договоре могут быть введены комиссии согласно настроенному тарифному плану, настроены индивидуально или от тарифного плана через индивидуальный коэффициент.</li>\r\n<li>Ставки комиссий могут задаваться как на договоре с клиентом, там и на каждом договоре поставки индивидуально для каждой связи клиент-дебитор.</li>\r\n<li>По требованию заказчика, набор событий начисления, баз начисления или показателей может быть расширен.</li>\r\n</ul>\r\n<p>Возможность определения лимитной политики.</p>\r\n<ul>\r\n<li>Лимит финансирования договора поставки.</li>\r\n<li>Лимит финансирования договора факторинга.</li>\r\n<li>Лимит финансирования дебитора.</li>\r\n<li>Групповой лимит финансирования.</li>\r\n<li>Лимит фондирования договора поставки.</li>\r\n<li>Лимит фондирования договора факторинга</li>\r\n<li>Страховые лимиты.</li>\r\n</ul>\r\n<p>Системы контроля:</p>\r\n<ul>\r\n<li>Полноты предоставляемых пакетов документов.</li>\r\n<li>Верификация поставок. (Настройка правил верификации).</li>\r\n<li>Резрешений на регистрацию/финансирование поставок.</li>\r\n<li>Предупреждения о приближении и наступлении контрольных сроков и дат.</li>\r\n</ul>\r\n<p>Предварительный статистический анализ дебиторов и анализ по текущей деятельности.<br /><br />Единый справочник контрагентов</p>\r\n<ul>\r\n<li>Ведение договоров факторинга, поставок, поручительства, страхования.</li>\r\n<li> Ведение аффилированности контрагентов.</li>\r\n</ul>\r\n<p>Модуль клиента.<br /><br />Рассылка сообщений о системных событиях.<br /><br />Хранение образов документов в виде файлов.<br /><br />Ведение журнала работ.<br /><br />Гибкая настройка прав доступа.<br /><br />Аудит действий пользователей.<br /><br />Индивидуально настраиваемый интерфейс пользователя.<br /><br />Выгрузка отчетности в MS Excel.<br /><br />Встроенные среда разработки и генератор отчетов.<br /><br />Интеграция с внешними учетными системами.</p>',1,5,0,35,'2009-07-26 09:06:18',62,'','2009-08-02 09:14:38',62,0,'0000-00-00 00:00:00','2009-07-26 09:06:18','0000-00-00 00:00:00','','','show_title=\nlink_titles=\nshow_intro=\nshow_section=\nlink_section=\nshow_category=\nlink_category=\nshow_vote=\nshow_author=\nshow_create_date=\nshow_modify_date=0\nshow_pdf_icon=\nshow_print_icon=\nshow_email_icon=\nlanguage=\nkeyref=\nreadmore=Подробнее об \"Актив-Факторинг\"...',10,0,1,'Актив-Факторинг, факторинговые операции, банк, факторинг','Система «Актив Факторинг» предназначена для организации, учета и управления факторинговыми операциями в коммерческом банке.',0,105,'robots=\nauthor='),
 (47,'Актив-Доходность','aktiv-dohodnost','','<p><strong>Актив-Доходность</strong> – расчет доходности производственного предприятия.</p>\r\n','\r\n<p> </p>\r\n<p>Основные возможности системы:</p>\r\n<p> </p>',1,5,0,35,'2009-07-26 09:33:01',62,'','2009-08-02 10:01:47',62,0,'0000-00-00 00:00:00','2009-07-26 09:33:01','0000-00-00 00:00:00','','','show_title=\nlink_titles=\nshow_intro=\nshow_section=\nlink_section=\nshow_category=\nlink_category=\nshow_vote=\nshow_author=\nshow_create_date=\nshow_modify_date=\nshow_pdf_icon=\nshow_print_icon=\nshow_email_icon=\nlanguage=\nkeyref=\nreadmore=  Подробнее об \"Актив-Доходность\"...',3,0,2,'Актив-Доходность, доходность, предприятия','Актив Доходность – расчет доходности производственного предприятия.',0,9,'robots=\nauthor='),
 (48,'Актив-Бизнес процессы','aktiv-process','','<p><strong>Модуль управления потоками работ</strong> - cистема поддержки бизнес-процессов создана для удовлетворения следующих потребностей:</p>\r\n<ol>\r\n<li>Определение взаимосвязей исполнителей в рабочем процессе.</li>\r\n<li>Организация механизма передачи информации между исполнителями в рабочем процессе.</li>\r\n<li>Организации навигации в системе, основанной на логике рабочих процессов.</li>\r\n<li>Распределения заданий между участниками рабочего процесса.</li>\r\n<li>Фиксация выполнения сотрудниками своих заданий.</li>\r\n<li>Анализ статистики выполнения рабочих процессов.</li>\r\n<li>Оптимизация рабочих процессов.</li>\r\n</ol>\r\n<p> </p>\r\n','\r\n<p> </p>\r\n<h1>Принципы функционирования</h1>\r\n<p>Система является самостоятельной, настраиваемой и не зависит от принятых в компании рабочих процессов. Она также косвенно (путем ввода обозначений) связана с реализованными в системе бизнес процессами. Ее настройка не в состоянии повлиять на принятые при внедрении проектные и программные решения. Однако, с ее помощью разработанный функционал становится  логически перераспределяемым между участниками бизнес процессов компании. Через призму этих настроек сама информационная система воспринимается не как сплошное поле предусмотренных возможностей, а как место осуществления предопределенных сценарием бизнес-процессов, действий конкретных исполнителей. Это позволяет регламентировать и направлять активность пользователей системы на выполнение конкретных актуальных задач, которые перед ним ставятся в рамках рабочих процессов.</p>',1,5,0,35,'2009-07-26 09:47:51',62,'','2009-08-02 09:15:44',62,0,'0000-00-00 00:00:00','2009-07-26 09:47:51','0000-00-00 00:00:00','','','show_title=\nlink_titles=\nshow_intro=\nshow_section=\nlink_section=\nshow_category=\nlink_category=\nshow_vote=\nshow_author=\nshow_create_date=\nshow_modify_date=\nshow_pdf_icon=\nshow_print_icon=\nshow_email_icon=\nlanguage=\nkeyref=\nreadmore=Подробнее об \"Актив-Бизнес процессы\"...',2,0,3,'Актив-Бизнес процессы','Актив-Бизнес процессы - Модуль управления потоками работ',0,13,'robots=\nauthor='),
 (49,'Клиенты компании','clients-factoring','','<ul>\r\n<li>2008 г. <strong>ООО «Факторинговая Компания Кедр-Финанс»</strong>. Внедрение системы управления факторинговыми операциями «<a href=\"index.php/aktiv-factoring\">Актив Факторинг</a>». </li>\r\n<li>2008 г. <strong>Факторинговая Компания ООО «Славия-Факторинг»</strong>. Внедрение системы управления факторинговыми операциями «<a href=\"index.php/aktiv-factoring\">Актив Факторинг</a><a href=\"../index.php/aktiv-factoring\"></a>». </li>\r\n<li>2007 г. <strong>КБ «Русский банк развития» (ЗАО)</strong>. Разработка и внедрение системы управления факторинговыми операциями «<a href=\"index.php/aktiv-factoring\">Актив Факторинг</a>».</li>\r\n</ul>','',1,5,0,38,'2009-07-26 10:15:19',62,'','2009-07-26 16:30:46',62,0,'0000-00-00 00:00:00','2009-07-26 10:15:19','0000-00-00 00:00:00','','','show_title=\nlink_titles=\nshow_intro=\nshow_section=\nlink_section=\nshow_category=\nlink_category=\nshow_vote=\nshow_author=\nshow_create_date=\nshow_modify_date=\nshow_pdf_icon=\nshow_print_icon=\nshow_email_icon=\nlanguage=\nkeyref=\nreadmore=',9,0,1,'','',0,29,'robots=\nauthor='),
 (50,'Контакты','contacts','','<p><strong>ООО \"ВИАТАУ\"</strong></p>\r\n<p>Телефон: <strong>+7(495) 741-3303</strong>. <br /></p>\r\n<p><a href=\"http://maps.google.ru/maps?f=q&amp;source=embed&amp;hl=ru&amp;q=%D0%9C%D0%BE%D1%81%D0%BA%D0%BE%D0%B2%D1%81%D0%BA%D0%B0%D1%8F,+%D0%B3%D0%BE+%D0%94%D0%B7%D0%B5%D1%80%D0%B6%D0%B8%D0%BD%D1%81%D0%BA%D0%B8%D0%B9,+%D0%B3%D0%BE%D1%80%D0%BE%D0%B4+%D0%94%D0%B7%D0%B5%D1%80%D0%B6%D0%B8%D0%BD%D1%81%D0%BA%D0%B8%D0%B9,+%D1%83%D0%BB.+%D0%AD%D0%BD%D0%B5%D1%80%D0%B3%D0%B5%D1%82%D0%B8%D0%BA%D0%BE%D0%B2&amp;ie=UTF8&amp;cd=1&amp;geocode=Fff5UAMdvCRBAg&amp;split=0&amp;ll=55.644807,37.827902&amp;spn=0.037301,0.105658&amp;z=14&amp;iwloc=A\">г. Дзержинский, ул. Энергетиков, д. 1</a>.</p>\r\n<p> </p>\r\n<p><br /><br /><iframe width=\"425\" height=\"350\" frameborder=\"0\" scrolling=\"no\" marginheight=\"0\" marginwidth=\"0\" src=\"http://maps.google.ru/maps?f=q&amp;source=s_q&amp;hl=ru&amp;q=%D0%9C%D0%BE%D1%81%D0%BA%D0%BE%D0%B2%D1%81%D0%BA%D0%B0%D1%8F,+%D0%B3%D0%BE+%D0%94%D0%B7%D0%B5%D1%80%D0%B6%D0%B8%D0%BD%D1%81%D0%BA%D0%B8%D0%B9,+%D0%B3%D0%BE%D1%80%D0%BE%D0%B4+%D0%94%D0%B7%D0%B5%D1%80%D0%B6%D0%B8%D0%BD%D1%81%D0%BA%D0%B8%D0%B9,+%D1%83%D0%BB.+%D0%AD%D0%BD%D0%B5%D1%80%D0%B3%D0%B5%D1%82%D0%B8%D0%BA%D0%BE%D0%B2&amp;ie=UTF8&amp;cd=1&amp;geocode=Fff5UAMdvCRBAg&amp;split=0&amp;ll=55.644807,37.827902&amp;spn=0.037301,0.105658&amp;z=14&amp;iwloc=A&amp;output=embed\"></iframe><br /><small><a href=\"http://maps.google.ru/maps?f=q&amp;source=embed&amp;hl=ru&amp;q=%D0%9C%D0%BE%D1%81%D0%BA%D0%BE%D0%B2%D1%81%D0%BA%D0%B0%D1%8F,+%D0%B3%D0%BE+%D0%94%D0%B7%D0%B5%D1%80%D0%B6%D0%B8%D0%BD%D1%81%D0%BA%D0%B8%D0%B9,+%D0%B3%D0%BE%D1%80%D0%BE%D0%B4+%D0%94%D0%B7%D0%B5%D1%80%D0%B6%D0%B8%D0%BD%D1%81%D0%BA%D0%B8%D0%B9,+%D1%83%D0%BB.+%D0%AD%D0%BD%D0%B5%D1%80%D0%B3%D0%B5%D1%82%D0%B8%D0%BA%D0%BE%D0%B2&amp;ie=UTF8&amp;cd=1&amp;geocode=Fff5UAMdvCRBAg&amp;split=0&amp;ll=55.644807,37.827902&amp;spn=0.037301,0.105658&amp;z=14&amp;iwloc=A\" style=\"color:#0000FF;text-align:left\">Просмотреть увеличенную карту</a></small></p>','',1,5,0,37,'2009-07-26 10:39:30',62,'','2009-07-26 10:49:29',62,0,'0000-00-00 00:00:00','2009-07-26 10:39:30','0000-00-00 00:00:00','','','show_title=\nlink_titles=\nshow_intro=\nshow_section=\nlink_section=\nshow_category=\nlink_category=\nshow_vote=\nshow_author=\nshow_create_date=\nshow_modify_date=\nshow_pdf_icon=\nshow_print_icon=\nshow_email_icon=\nlanguage=\nkeyref=\nreadmore=',8,0,4,'','',0,25,'robots=\nauthor='),
 (51,'Документация Актив-Факторинг','aktiv-factoring-doc','','<p>Докуметация по Актив-Факторинг для зарегистрированных пользователей</p>','',1,5,0,37,'2009-07-26 15:39:26',62,'','2009-07-26 16:05:40',62,0,'0000-00-00 00:00:00','2009-07-26 15:39:26','0000-00-00 00:00:00','','','show_title=\nlink_titles=\nshow_intro=\nshow_section=\nlink_section=\nshow_category=\nlink_category=\nshow_vote=\nshow_author=\nshow_create_date=\nshow_modify_date=\nshow_pdf_icon=\nshow_print_icon=\nshow_email_icon=\nlanguage=\nkeyref=\nreadmore=',5,0,3,'Докуметация, Актив-Факторинг','Докуметация по Актив-Факторинг',1,11,'robots=\nauthor='),
 (52,'Обновления Актив-Факторинг','update-aktiv-factoring','','<p>Обновления Актив-Факторинг</p>','',1,5,0,37,'2009-07-26 15:44:26',62,'','2009-07-26 16:05:52',62,0,'0000-00-00 00:00:00','2009-07-26 15:44:26','0000-00-00 00:00:00','','','show_title=\nlink_titles=\nshow_intro=\nshow_section=\nlink_section=\nshow_category=\nlink_category=\nshow_vote=\nshow_author=\nshow_create_date=\nshow_modify_date=\nshow_pdf_icon=\nshow_print_icon=\nshow_email_icon=\nlanguage=\nkeyref=\nreadmore=',2,0,2,'Обновления, Актив-Факторинг','Обновления Актив-Факторинг',1,6,'robots=\nauthor='),
 (53,'Партнеры','partners','','<p><strong>Наши партнеры</strong> - это лидеры в своих областях. Это компании, которые добились значительных успехов.</p>\r\n<p>Мы знаем, что эффективное партнерство - это инструмент решения многих задач, и предлагаем решать их вместе.</p>\r\n<p> </p>\r\n<p><a href=\"http://www.iscra.ru/\" target=\"_blank\" title=\"iscra framework\">ISCRA Framework</a> — платформа для создания, развертывания, исполнения и управления жизненным циклом бизнес-приложений.</p>\r\n<p> </p>\r\n<p><a href=\"http://www.factoringpro.ru\" target=\"_blank\">ФАКТОРинг ПРО</a> — ведущий информационно-консалтинговый ресурс в сфере факторингового бизнеса и торгового финансирования.</p>\r\n<p> </p>','',1,5,0,37,'2009-08-02 08:11:27',62,'','0000-00-00 00:00:00',0,0,'0000-00-00 00:00:00','2009-08-02 08:11:27','0000-00-00 00:00:00','','','show_title=\nlink_titles=\nshow_intro=\nshow_section=\nlink_section=\nshow_category=\nlink_category=\nshow_vote=\nshow_author=\nshow_create_date=\nshow_modify_date=\nshow_pdf_icon=\nshow_print_icon=\nshow_email_icon=\nlanguage=\nkeyref=\nreadmore=',1,0,1,'Партнеры, IT Force','Наши партнеры - это лидеры в своих областях',0,12,'robots=\nauthor='),
 (54,'«Актив Факторинг» в КБ «Русский Банк Развития» ','aktiv-faktoring-rbr','','<p>Сдана в промышленную эксплуатацию система управления факторинговыми операциями «<a href=\"index.php/aktiv-factoring\">Актив Факторинг</a>» в Коммерческом Банке «Русский Банк Развития» (закрытое акционерное общество).</p>\r\n<p> </p>','',1,5,0,34,'2007-11-01 08:18:25',62,'','0000-00-00 00:00:00',0,0,'0000-00-00 00:00:00','2009-08-02 08:18:25','0000-00-00 00:00:00','','','show_title=\nlink_titles=\nshow_intro=\nshow_section=\nlink_section=\nshow_category=\nlink_category=\nshow_vote=\nshow_author=\nshow_create_date=\nshow_modify_date=\nshow_pdf_icon=\nshow_print_icon=\nshow_email_icon=\nlanguage=\nkeyref=\nreadmore=',1,0,7,'Актив Факторинг, Русский Банк Развития, новости','«Актив Факторинг» в Коммерческом Банке «Русский Банк Развития»',0,0,'robots=\nauthor='),
 (55,'Актив-Бизнес процессы в компании «Эрконпродукт»','aktiv-process-erkonprodukt','','<p>Настроен и сдан в опытную эксплуатацию <a href=\"../index.php/aktiv-process\">модуль управления потоками работ</a> для Microsoft Axapta в компании «Эрконпродукт».</p>\r\n<p><a href=\"../index.php/aktiv-process\"><span></span></a></p>','',1,5,0,34,'2008-01-22 08:21:49',62,'','0000-00-00 00:00:00',0,0,'0000-00-00 00:00:00','2009-08-02 08:21:49','0000-00-00 00:00:00','','','show_title=\nlink_titles=\nshow_intro=\nshow_section=\nlink_section=\nshow_category=\nlink_category=\nshow_vote=\nshow_author=\nshow_create_date=\nshow_modify_date=\nshow_pdf_icon=\nshow_print_icon=\nshow_email_icon=\nlanguage=\nkeyref=\nreadmore=',1,0,6,'Модуль управления потоками работ, Microsoft Axapta, «Эрконпродукт», Актив-Бизнес процессы','Модуль управления потоками работ для Microsoft Axapta в компании «Эрконпродукт».',0,0,'robots=\nauthor='),
 (56,'Актив-Доходность в компании «Эрконпродукт»','aktiv-dohodnost-erkonprodukt','','<p>Сдана в промышленную эксплуатацию <strong>система расчета доходности производственного предприятия</strong> «<a href=\"../index.php/aktiv-dohodnost\"><span>Актив-Доходность</span></a>» в компании «Эрконпродукт».</p>\r\n<p> </p>\r\n<p><a href=\"../index.php/aktiv-process\"></a></p>','',1,5,0,34,'2008-01-29 08:21:49',62,'','2009-08-02 08:30:54',62,0,'0000-00-00 00:00:00','2009-08-02 08:21:49','0000-00-00 00:00:00','','','show_title=\nlink_titles=\nshow_intro=\nshow_section=\nlink_section=\nshow_category=\nlink_category=\nshow_vote=\nshow_author=\nshow_create_date=\nshow_modify_date=\nshow_pdf_icon=\nshow_print_icon=\nshow_email_icon=\nlanguage=\nkeyref=\nreadmore=',1,0,5,'система расчета доходности, «Актив-Доходность», «Эрконпродукт»','Cистема расчета доходности производственного предприятия «Актив-Доходность»в компании «Эрконпродукт».',0,0,'robots=\nauthor='),
 (57,'Презентация «Актив Факторинг» в Газпромбанке ','aktiv-faktoring-gazprombank','','<p>Успешно проведена презентация<strong> системы управления факторинговыми операциями</strong> «<a href=\"index.php/aktiv-factoring\">Актив Факторинг</a>» в Газпромбанке (открытое акционерное общество).</p>','',1,5,0,34,'2008-02-07 08:18:25',62,'','2009-08-02 08:33:28',62,0,'0000-00-00 00:00:00','2009-08-02 08:18:25','0000-00-00 00:00:00','','','show_title=\nlink_titles=\nshow_intro=\nshow_section=\nlink_section=\nshow_category=\nlink_category=\nshow_vote=\nshow_author=\nshow_create_date=\nshow_modify_date=\nshow_pdf_icon=\nshow_print_icon=\nshow_email_icon=\nlanguage=\nkeyref=\nreadmore=',1,0,4,'Презентация, Актив Факторинг, Газпромбанк, новости','Презентация «Актив Факторинг» в Газпромбанке',0,0,'robots=\nauthor='),
 (58,'«Актив Факторинг» участвует в тендере Газпромбанка ','aktiv-faktoring-gazprombank-tender','','<p>Получено приглашение от Газпромбанка<strong> </strong>(открытое акционерное общество) для участия в тендере<strong> системы управления факторинговыми операциями</strong> «<a href=\"index.php/aktiv-factoring\">Актив Факторинг</a>» .</p>\r\n<p> </p>','',1,5,0,34,'2008-02-21 08:18:25',62,'','2009-08-02 08:36:42',62,0,'0000-00-00 00:00:00','2009-08-02 08:18:25','0000-00-00 00:00:00','','','show_title=\nlink_titles=\nshow_intro=\nshow_section=\nlink_section=\nshow_category=\nlink_category=\nshow_vote=\nshow_author=\nshow_create_date=\nshow_modify_date=\nshow_pdf_icon=\nshow_print_icon=\nshow_email_icon=\nlanguage=\nkeyref=\nreadmore=',1,0,3,'Тендер, Актив Факторинг, Газпромбанк, новости','Тендер «Актив Факторинг» в Газпромбанке',0,0,'robots=\nauthor='),
 (59,'Начато внедрение «Актив Факторинг» в Факторинговой Компании','aktiv-faktoring-factoringovaya-kompaniya','','<p>Начато внедрение <strong>системы управления факторинговыми операциями</strong> «<a href=\"index.php/aktiv-factoring\">Актив Факторинг</a>»  в Факторинговой Компании.</p>\r\n<p><strong></strong></p>','',1,5,0,34,'2008-03-12 08:18:25',62,'','2009-08-02 08:39:32',62,0,'0000-00-00 00:00:00','2009-08-02 08:18:25','0000-00-00 00:00:00','','','show_title=\nlink_titles=\nshow_intro=\nshow_section=\nlink_section=\nshow_category=\nlink_category=\nshow_vote=\nshow_author=\nshow_create_date=\nshow_modify_date=\nshow_pdf_icon=\nshow_print_icon=\nshow_email_icon=\nlanguage=\nkeyref=\nreadmore=',1,0,2,'Внедрение, Актив Факторинг, Факторинговая Компания, новости','внедрение системы управления факторинговыми операциями «Актив Факторинг» в Факторинговой Компании',0,0,'robots=\nauthor='),
 (60,'Внедрение «Актив Факторинг» в Факторинговой Компании завершено','aktiv-faktoring-factoringovaya-kompaniya','','<p>Успешно завершено внедрение <strong>системы управления факторинговыми операциями</strong> «<a href=\"index.php/aktiv-factoring\">Актив Факторинг</a>»  в Факторинговой Компании.</p>\r\n<p><strong></strong></p>','',1,5,0,34,'2008-05-15 08:18:25',62,'','2009-08-02 08:41:00',62,0,'0000-00-00 00:00:00','2009-08-02 08:18:25','0000-00-00 00:00:00','','','show_title=\nlink_titles=\nshow_intro=\nshow_section=\nlink_section=\nshow_category=\nlink_category=\nshow_vote=\nshow_author=\nshow_create_date=\nshow_modify_date=\nshow_pdf_icon=\nshow_print_icon=\nshow_email_icon=\nlanguage=\nkeyref=\nreadmore=',1,0,1,'Внедрение, Актив Факторинг, Факторинговая Компания, новости','внедрение системы управления факторинговыми операциями «Актив Факторинг» в Факторинговой Компании',0,0,'robots=\nauthor='),
 (61,'Решения для производственных предприятий','itforce-reshenie-proizvodstvo','','<p>Компания предлагает следующие решения для производственных предприятий:</p>\r\n<ul>\r\n<li>Cистема <strong>расчета доходности</strong> производственного предприятия «<a href=\"index.php/aktiv-dohodnost\">Актив-Доходность</a>»</li>\r\n<li><a href=\"index.php/aktiv-process\">Модуль управления потоками работ</a> для Microsoft Axapta версии 3/4.</li>\r\n</ul>','',1,5,0,36,'2009-08-02 08:51:05',62,'','2009-08-02 09:04:09',62,0,'0000-00-00 00:00:00','2009-08-02 08:51:05','0000-00-00 00:00:00','','','show_title=\nlink_titles=\nshow_intro=\nshow_section=\nlink_section=\nshow_category=\nlink_category=\nshow_vote=\nshow_author=\nshow_create_date=\nshow_modify_date=\nshow_pdf_icon=\nshow_print_icon=\nshow_email_icon=\nlanguage=\nkeyref=\nreadmore=',2,0,5,'«Актив-Доходность», Актив-бизнесс процессы, Axapta, предприятие','Решения для производственных предприятий',0,10,'robots=\nauthor='),
 (62,'Компания - производитель соков и безалкогольных напитков','project-soki-predpriyatie','','<p><strong>1999 г</strong>. Компания - производитель соков и безалкогольных напитков. <strong>Обследование предприятия</strong>.</p>','',1,5,0,39,'2009-08-02 09:24:41',62,'','2009-08-02 09:30:31',62,0,'0000-00-00 00:00:00','2009-08-02 09:24:41','0000-00-00 00:00:00','','','show_title=\nlink_titles=\nshow_intro=\nshow_section=\nlink_section=\nshow_category=\nlink_category=\nshow_vote=\nshow_author=\nshow_create_date=\nshow_modify_date=\nshow_pdf_icon=\nshow_print_icon=\nshow_email_icon=\nlanguage=\nkeyref=\nreadmore=',2,0,12,'Проект, производитель соков и безалкогольных напитков, Обследование предприятия','Компания - производитель соков и безалкогольных напитков. Обследование предприятия.',0,0,'robots=\nauthor='),
 (63,'Торгово-производственная группа компаний','project-gruppa-predpriyatie','','<p><strong>2000 г.</strong> Группа компаний — торгово-производственная группа, производство бытовой химии, продажа туристических принадлежностей. <strong>Обследование </strong>группы предприятий. Участие во внедрении <strong>финансового модуля системы управления предприятием</strong> М2.</p>','',1,5,0,39,'2009-08-02 09:24:41',62,'','2009-08-02 09:28:37',62,0,'0000-00-00 00:00:00','2009-08-02 09:24:41','0000-00-00 00:00:00','','','show_title=\nlink_titles=\nshow_intro=\nshow_section=\nlink_section=\nshow_category=\nlink_category=\nshow_vote=\nshow_author=\nshow_create_date=\nshow_modify_date=\nshow_pdf_icon=\nshow_print_icon=\nshow_email_icon=\nlanguage=\nkeyref=\nreadmore=',2,0,11,'Торгово-производственная группа компаний, химия, продажа туристических принадлежностей, внедрение','Компания - производитель соков и безалкогольных напитков. Обследование предприятия.',0,0,'robots=\nauthor='),
 (64,'Производство оконных, дверных конструкций и стеклопакетов','project-gruppa-predpriyatie','','<p><strong>2001 г</strong>. Компания — продажа комплектующих для производства оконных, дверных конструкций и стеклопакетов. <strong>Обследование предприятия</strong>. Подготовка технического задания для внедрения <strong>корпоративной системы управления предприятием</strong>.</p>','',1,5,0,39,'2009-08-02 09:24:41',62,'','2009-08-02 09:33:05',62,0,'0000-00-00 00:00:00','2009-08-02 09:24:41','0000-00-00 00:00:00','','','show_title=\nlink_titles=\nshow_intro=\nshow_section=\nlink_section=\nshow_category=\nlink_category=\nshow_vote=\nshow_author=\nshow_create_date=\nshow_modify_date=\nshow_pdf_icon=\nshow_print_icon=\nshow_email_icon=\nlanguage=\nkeyref=\nreadmore=',1,0,10,'Обследование предприятия, Подготовка технического задания','Компания — продажа комплектующих для производства оконных, дверных конструкций и стеклопакетов',0,0,'robots=\nauthor='),
 (65,'Внедрении системы управления предприятием Microsoft Navision','project-navision-okna','','<p><strong>2002 г</strong>. Компания - производство стеклопакетов, изделий из стекла, порошковая покраска алюминиевого профиля, продажа, предоставление услуг установки и сервисного обслуживания окон для жилых и промышленных объектов. <strong>Обследование </strong>предприятия. <strong>Участие во внедрении системы управления предприятием</strong> Microsoft Navision.</p>','',1,5,0,39,'2009-08-02 09:33:37',62,'','0000-00-00 00:00:00',0,0,'0000-00-00 00:00:00','2009-08-02 09:33:37','0000-00-00 00:00:00','','','show_title=\nlink_titles=\nshow_intro=\nshow_section=\nlink_section=\nshow_category=\nlink_category=\nshow_vote=\nshow_author=\nshow_create_date=\nshow_modify_date=\nshow_pdf_icon=\nshow_print_icon=\nshow_email_icon=\nlanguage=\nkeyref=\nreadmore=',1,0,9,'системы управления предприятием, Microsoft Navision, производство стеклопакетов, изделий из стекла','Внедрении системы управления предприятием Microsoft Navision',0,0,'robots=\nauthor='),
 (66,'Внедрение системы управления предприятием Microsoft Axapta','project-axapta-konservirovanie','','<p><strong>2002 — 2007 г</strong>. Компания – производитель сгущенного молока, сливок и других консервированных продуктов, продажа в России и странах СНГ. Обследование группы предприятий. Участие во <strong>внедрении системы управления предприятием Microsoft Axapta</strong>. Консультации и помощь в <strong>технической поддержке</strong> системы.</p>','',1,5,0,39,'2009-08-02 09:35:10',62,'','0000-00-00 00:00:00',0,0,'0000-00-00 00:00:00','2009-08-02 09:35:10','0000-00-00 00:00:00','','','show_title=\nlink_titles=\nshow_intro=\nshow_section=\nlink_section=\nshow_category=\nlink_category=\nshow_vote=\nshow_author=\nshow_create_date=\nshow_modify_date=\nshow_pdf_icon=\nshow_print_icon=\nshow_email_icon=\nlanguage=\nkeyref=\nreadmore=',1,0,8,'системы управления предприятием, внедрение, Microsoft Axapta, проект','Внедрение системы управления предприятием Microsoft Axapta',0,0,'robots=\nauthor='),
 (67,'Продажа вентиляционного оборудования из Европы - внедрение Axapta','project-axapta-ventilyaciya','','<p><strong>2004 г</strong>. Компания - продажа вентиляционного оборудования из Европы. <strong>Обследование предприятия</strong>. Участие во внедрении системы управления предприятием <strong>Microsoft Axapta</strong>.</p>','',1,5,0,39,'2009-08-02 09:38:11',62,'','2009-08-02 09:41:06',62,0,'0000-00-00 00:00:00','2009-08-02 09:38:11','0000-00-00 00:00:00','','','show_title=\nlink_titles=\nshow_intro=\nshow_section=\nlink_section=\nshow_category=\nlink_category=\nshow_vote=\nshow_author=\nshow_create_date=\nshow_modify_date=\nshow_pdf_icon=\nshow_print_icon=\nshow_email_icon=\nlanguage=\nkeyref=\nreadmore=',2,0,7,'продажа вентиляционного оборудования, Axapta, внедрение','Компания - продажа вентиляционного оборудования из Европы',0,0,'robots=\nauthor='),
 (68,'Производитель центральных кондиционеров и вентиляционного оборудования - внедрение Axapta','project-axapta-ventilyaciya','','<p><strong>2005 г</strong>. Компания - производитель центральных кондиционеров и вентиляционного оборудования, продажа, монтаж на строительных объектах и сервисное обслуживание. Обследование предприятия. Участие во <strong>внедрении системы управления предприятием Microsoft Axapta</strong>.</p>','',1,5,0,39,'2009-08-02 09:41:08',62,'','0000-00-00 00:00:00',0,0,'0000-00-00 00:00:00','2009-08-02 09:41:08','0000-00-00 00:00:00','','','show_title=\nlink_titles=\nshow_intro=\nshow_section=\nlink_section=\nshow_category=\nlink_category=\nshow_vote=\nshow_author=\nshow_create_date=\nshow_modify_date=\nshow_pdf_icon=\nshow_print_icon=\nshow_email_icon=\nlanguage=\nkeyref=\nreadmore=',1,0,6,'Axapta, внедрение, вентиляция','Производитель центральных кондиционеров и вентиляционного оборудования - внедрение Axapta',0,0,'robots=\nauthor='),
 (69,'Транспортно-экспедиционные услуги по международным перевозкам грузов - внедрение Axapta','project-axapta-transport','','<p><strong>2006 г</strong>. Группа компаний — предоставляет транспортно-экспедиционные услуги по международным перевозкам грузов из Европы, Юго-Восточной Азии, стран СНГ, региональным перевозкам грузов по России. <strong>Обследование </strong>предприятия. <strong>Подготовка к внедрению системы управления предприятием</strong> Microsoft Axapta.</p>','',1,5,0,39,'2009-08-02 09:43:02',62,'','2009-08-02 09:44:43',62,0,'0000-00-00 00:00:00','2009-08-02 09:43:02','0000-00-00 00:00:00','','','show_title=\nlink_titles=\nshow_intro=\nshow_section=\nlink_section=\nshow_category=\nlink_category=\nshow_vote=\nshow_author=\nshow_create_date=\nshow_modify_date=\nshow_pdf_icon=\nshow_print_icon=\nshow_email_icon=\nlanguage=\nkeyref=\nreadmore=',2,0,5,'внедрение Axapta, транспортно-экспедиционные услуги','Транспортно-экспедиционные услуги по международным перевозкам грузов - внедрение Axapta',0,3,'robots=\nauthor='),
 (70,'EMS Почта России - система управления предприятием','project-ems-pochta-rosii','','<p><strong>2007 г</strong>. «<strong>EMS Почта России</strong>» - филиал ФГУП «Почта России» - оказывает услуги срочной доставки документов и грузов. Express Mail Service (EMS) - это услуга по экспресс-доставке отправлений, оказываемая более, чем в 190 странах мира. Совместное с «Научно-исследовательским и проектно-конструкторским институтом почтовой связи» (ФГУП НИИПС) <strong>обследование предприятия и подготовка тендера на поставку и внедрение системы управления предприятием</strong>. Планируется участие во внедрении системы управления предприятием.</p>','',1,5,0,39,'2009-08-02 09:44:52',62,'','0000-00-00 00:00:00',0,0,'0000-00-00 00:00:00','2009-08-02 09:44:52','0000-00-00 00:00:00','','','show_title=\nlink_titles=\nshow_intro=\nshow_section=\nlink_section=\nshow_category=\nlink_category=\nshow_vote=\nshow_author=\nshow_create_date=\nshow_modify_date=\nshow_pdf_icon=\nshow_print_icon=\nshow_email_icon=\nlanguage=\nkeyref=\nreadmore=',1,0,4,'EMS Почта России, система управления предприятием, внедрение','EMS Почта России - система управления предприятием',0,0,'robots=\nauthor='),
 (71,'Внедрение системы управления факторинговыми опреациями \"Актив-Факторинг\"','project-aktiv-factoring','','<p><strong>2007 г</strong>. Коммерческий Банк. Разработка и внедрение <strong>системы управления факторинговыми опреациями</strong> \"<a href=\"index.php/aktiv-factoring\"><span>Актив-Факторинг</span></a>\".</p>','',1,5,0,39,'2009-08-02 09:46:59',62,'','0000-00-00 00:00:00',0,0,'0000-00-00 00:00:00','2009-08-02 09:46:59','0000-00-00 00:00:00','','','show_title=\nlink_titles=\nshow_intro=\nshow_section=\nlink_section=\nshow_category=\nlink_category=\nshow_vote=\nshow_author=\nshow_create_date=\nshow_modify_date=\nshow_pdf_icon=\nshow_print_icon=\nshow_email_icon=\nlanguage=\nkeyref=\nreadmore=',1,0,3,'управление факторинговыми опреациями, Актив-Факторинг, факторинг','Внедрение системы управления факторинговыми опреациями Актив-Факторинг',0,1,'robots=\nauthor='),
 (72,'Внедрение системы расчета доходности производственного предприятия «Актив-Доходность»','project-aktiv-dohiodnost','','<p><span><strong>2008 г</strong>. Компания — производитель сгущенного молока, сливок и других консервированных продуктов, продажа в России и странах СНГ. Разработка и внедрение <strong>системы расчета доходности производственного предприятия</strong> «</span><a href=\"index.php/aktiv-dohodnost\"><span>Актив-Доходность</span></a><span>».</span></p>','',1,5,0,39,'2009-08-02 09:48:50',62,'','2009-08-02 10:01:04',62,0,'0000-00-00 00:00:00','2009-08-02 09:48:50','0000-00-00 00:00:00','','','show_title=\nlink_titles=\nshow_intro=\nshow_section=\nlink_section=\nshow_category=\nlink_category=\nshow_vote=\nshow_author=\nshow_create_date=\nshow_modify_date=\nshow_pdf_icon=\nshow_print_icon=\nshow_email_icon=\nlanguage=\nkeyref=\nreadmore=',2,0,2,'системы расчета доходности, производственного предприятия, Актив-Доходность','Внедрение системы расчета доходности производственного предприятия «Актив-Доходность»',0,1,'robots=\nauthor='),
 (73,'Внедрение «Актив Факторинг» в Факторинговой Компании','project-aktiv-factoring','','<p><span><strong>2008 г</strong>. Факторинговая Компания. Внедрение <strong>системы управления факторинговыми операциями</strong> «</span><a href=\"index.php/aktiv-factoring\"><span>Актив-Факторинг</span></a><span>». </span></p>','',1,5,0,39,'2009-08-02 09:50:27',62,'','0000-00-00 00:00:00',0,0,'0000-00-00 00:00:00','2009-08-02 09:50:27','0000-00-00 00:00:00','','','show_title=\nlink_titles=\nshow_intro=\nshow_section=\nlink_section=\nshow_category=\nlink_category=\nshow_vote=\nshow_author=\nshow_create_date=\nshow_modify_date=\nshow_pdf_icon=\nshow_print_icon=\nshow_email_icon=\nlanguage=\nkeyref=\nreadmore=',1,0,1,'Внедрение, «Актив Факторинг», Факторинговая Компания, факторинг','Внедрение «Актив Факторинг» в Факторинговой Компании',0,3,'robots=\nauthor=');


--
-- Definition of table `jos_content_frontpage`
--

CREATE TABLE `jos_content_frontpage` (
  `content_id` int(11) NOT NULL default '0',
  `ordering` int(11) NOT NULL default '0',
  PRIMARY KEY  (`content_id`)
) ENGINE=MyISAM DEFAULT CHARSET=utf8;

--
-- Dumping data for table `jos_content_frontpage`
--

INSERT INTO `jos_content_frontpage` (`content_id`,`ordering`) VALUES 
 (45,1),
 (46,2),
 (47,3),
 (48,4);


--
-- Definition of table `jos_content_rating`
--

CREATE TABLE `jos_content_rating` (
  `content_id` int(11) NOT NULL default '0',
  `rating_sum` int(11) unsigned NOT NULL default '0',
  `rating_count` int(11) unsigned NOT NULL default '0',
  `lastip` varchar(50) NOT NULL default '',
  PRIMARY KEY  (`content_id`)
) ENGINE=MyISAM DEFAULT CHARSET=utf8;

--
-- Dumping data for table `jos_content_rating`
--



--
-- Definition of table `jos_core_acl_aro`
--

CREATE TABLE `jos_core_acl_aro` (
  `id` int(11) NOT NULL auto_increment,
  `section_value` varchar(240) NOT NULL default '0',
  `value` varchar(240) NOT NULL default '',
  `order_value` int(11) NOT NULL default '0',
  `name` varchar(255) NOT NULL default '',
  `hidden` int(11) NOT NULL default '0',
  PRIMARY KEY  (`id`),
  UNIQUE KEY `jos_section_value_value_aro` (`section_value`(100),`value`(100)),
  KEY `jos_gacl_hidden_aro` (`hidden`)
) ENGINE=MyISAM AUTO_INCREMENT=12 DEFAULT CHARSET=utf8;

--
-- Dumping data for table `jos_core_acl_aro`
--

INSERT INTO `jos_core_acl_aro` (`id`,`section_value`,`value`,`order_value`,`name`,`hidden`) VALUES 
 (10,'users','62',0,'Administrator',0),
 (11,'users','63',0,'Бахтин Игорь Владимирович',0);


--
-- Definition of table `jos_core_acl_aro_groups`
--

CREATE TABLE `jos_core_acl_aro_groups` (
  `id` int(11) NOT NULL auto_increment,
  `parent_id` int(11) NOT NULL default '0',
  `name` varchar(255) NOT NULL default '',
  `lft` int(11) NOT NULL default '0',
  `rgt` int(11) NOT NULL default '0',
  `value` varchar(255) NOT NULL default '',
  PRIMARY KEY  (`id`),
  KEY `jos_gacl_parent_id_aro_groups` (`parent_id`),
  KEY `jos_gacl_lft_rgt_aro_groups` (`lft`,`rgt`)
) ENGINE=MyISAM AUTO_INCREMENT=31 DEFAULT CHARSET=utf8;

--
-- Dumping data for table `jos_core_acl_aro_groups`
--

INSERT INTO `jos_core_acl_aro_groups` (`id`,`parent_id`,`name`,`lft`,`rgt`,`value`) VALUES 
 (17,0,'ROOT',1,22,'ROOT'),
 (28,17,'USERS',2,21,'USERS'),
 (29,28,'Public Frontend',3,12,'Public Frontend'),
 (18,29,'Registered',4,11,'Registered'),
 (19,18,'Author',5,10,'Author'),
 (20,19,'Editor',6,9,'Editor'),
 (21,20,'Publisher',7,8,'Publisher'),
 (30,28,'Public Backend',13,20,'Public Backend'),
 (23,30,'Manager',14,19,'Manager'),
 (24,23,'Administrator',15,18,'Administrator'),
 (25,24,'Super Administrator',16,17,'Super Administrator');


--
-- Definition of table `jos_core_acl_aro_map`
--

CREATE TABLE `jos_core_acl_aro_map` (
  `acl_id` int(11) NOT NULL default '0',
  `section_value` varchar(230) NOT NULL default '0',
  `value` varchar(100) NOT NULL,
  PRIMARY KEY  (`acl_id`,`section_value`,`value`)
) ENGINE=MyISAM DEFAULT CHARSET=utf8;

--
-- Dumping data for table `jos_core_acl_aro_map`
--



--
-- Definition of table `jos_core_acl_aro_sections`
--

CREATE TABLE `jos_core_acl_aro_sections` (
  `id` int(11) NOT NULL auto_increment,
  `value` varchar(230) NOT NULL default '',
  `order_value` int(11) NOT NULL default '0',
  `name` varchar(230) NOT NULL default '',
  `hidden` int(11) NOT NULL default '0',
  PRIMARY KEY  (`id`),
  UNIQUE KEY `jos_gacl_value_aro_sections` (`value`),
  KEY `jos_gacl_hidden_aro_sections` (`hidden`)
) ENGINE=MyISAM AUTO_INCREMENT=11 DEFAULT CHARSET=utf8;

--
-- Dumping data for table `jos_core_acl_aro_sections`
--

INSERT INTO `jos_core_acl_aro_sections` (`id`,`value`,`order_value`,`name`,`hidden`) VALUES 
 (10,'users',1,'Users',0);


--
-- Definition of table `jos_core_acl_groups_aro_map`
--

CREATE TABLE `jos_core_acl_groups_aro_map` (
  `group_id` int(11) NOT NULL default '0',
  `section_value` varchar(240) NOT NULL default '',
  `aro_id` int(11) NOT NULL default '0',
  UNIQUE KEY `group_id_aro_id_groups_aro_map` (`group_id`,`section_value`,`aro_id`)
) ENGINE=MyISAM DEFAULT CHARSET=utf8;

--
-- Dumping data for table `jos_core_acl_groups_aro_map`
--

INSERT INTO `jos_core_acl_groups_aro_map` (`group_id`,`section_value`,`aro_id`) VALUES 
 (18,'',11),
 (25,'',10);


--
-- Definition of table `jos_core_log_items`
--

CREATE TABLE `jos_core_log_items` (
  `time_stamp` date NOT NULL default '0000-00-00',
  `item_table` varchar(50) NOT NULL default '',
  `item_id` int(11) unsigned NOT NULL default '0',
  `hits` int(11) unsigned NOT NULL default '0'
) ENGINE=MyISAM DEFAULT CHARSET=utf8;

--
-- Dumping data for table `jos_core_log_items`
--



--
-- Definition of table `jos_core_log_searches`
--

CREATE TABLE `jos_core_log_searches` (
  `search_term` varchar(128) NOT NULL default '',
  `hits` int(11) unsigned NOT NULL default '0'
) ENGINE=MyISAM DEFAULT CHARSET=utf8;

--
-- Dumping data for table `jos_core_log_searches`
--



--
-- Definition of table `jos_groups`
--

CREATE TABLE `jos_groups` (
  `id` tinyint(3) unsigned NOT NULL default '0',
  `name` varchar(50) NOT NULL default '',
  PRIMARY KEY  (`id`)
) ENGINE=MyISAM DEFAULT CHARSET=utf8;

--
-- Dumping data for table `jos_groups`
--

INSERT INTO `jos_groups` (`id`,`name`) VALUES 
 (0,'Public'),
 (1,'Registered'),
 (2,'Special');


--
-- Definition of table `jos_menu`
--

CREATE TABLE `jos_menu` (
  `id` int(11) NOT NULL auto_increment,
  `menutype` varchar(75) default NULL,
  `name` varchar(255) default NULL,
  `alias` varchar(255) NOT NULL default '',
  `link` text,
  `type` varchar(50) NOT NULL default '',
  `published` tinyint(1) NOT NULL default '0',
  `parent` int(11) unsigned NOT NULL default '0',
  `componentid` int(11) unsigned NOT NULL default '0',
  `sublevel` int(11) default '0',
  `ordering` int(11) default '0',
  `checked_out` int(11) unsigned NOT NULL default '0',
  `checked_out_time` datetime NOT NULL default '0000-00-00 00:00:00',
  `pollid` int(11) NOT NULL default '0',
  `browserNav` tinyint(4) default '0',
  `access` tinyint(3) unsigned NOT NULL default '0',
  `utaccess` tinyint(3) unsigned NOT NULL default '0',
  `params` text NOT NULL,
  `lft` int(11) unsigned NOT NULL default '0',
  `rgt` int(11) unsigned NOT NULL default '0',
  `home` int(1) unsigned NOT NULL default '0',
  PRIMARY KEY  (`id`),
  KEY `componentid` (`componentid`,`menutype`,`published`,`access`),
  KEY `menutype` (`menutype`)
) ENGINE=MyISAM AUTO_INCREMENT=65 DEFAULT CHARSET=utf8;

--
-- Dumping data for table `jos_menu`
--

INSERT INTO `jos_menu` (`id`,`menutype`,`name`,`alias`,`link`,`type`,`published`,`parent`,`componentid`,`sublevel`,`ordering`,`checked_out`,`checked_out_time`,`pollid`,`browserNav`,`access`,`utaccess`,`params`,`lft`,`rgt`,`home`) VALUES 
 (1,'contactsmenu','ITForce','home','index.php?option=com_content&view=frontpage','component',1,0,20,0,6,0,'0000-00-00 00:00:00',0,0,0,3,'num_leading_articles=1\nnum_intro_articles=10\nnum_columns=1\nnum_links=5\norderby_pri=\norderby_sec=front\nmulti_column_order=1\nshow_pagination=2\nshow_pagination_results=1\nshow_feed_link=1\nshow_noauth=0\nshow_title=1\nlink_titles=0\nshow_intro=1\nshow_section=0\nlink_section=0\nshow_category=0\nlink_category=0\nshow_author=0\nshow_create_date=0\nshow_modify_date=0\nshow_item_navigation=0\nshow_readmore=1\nshow_vote=0\nshow_icons=1\nshow_pdf_icon=0\nshow_print_icon=1\nshow_email_icon=1\nshow_hits=1\nfeed_summary=\npage_title=ITForce - не просто IT\nshow_page_title=1\npageclass_sfx=\nmenu_image=-1\nsecure=0\n\n',0,0,1),
 (2,'productmenu','Joomla! License','joomla-license','index.php?option=com_content&view=article&id=5','component',-2,0,20,0,0,0,'0000-00-00 00:00:00',0,0,0,0,'pageclass_sfx=\nmenu_image=-1\nsecure=0\nshow_noauth=0\nlink_titles=0\nshow_intro=1\nshow_section=0\nlink_section=0\nshow_category=0\nlink_category=0\nshow_author=1\nshow_create_date=1\nshow_modify_date=1\nshow_item_navigation=0\nshow_readmore=1\nshow_vote=0\nshow_icons=1\nshow_pdf_icon=1\nshow_print_icon=1\nshow_email_icon=1\nshow_hits=1\n\n',0,0,0),
 (41,'productmenu','FAQ','faq','index.php?option=com_content&view=section&id=3','component',-2,0,20,0,0,0,'0000-00-00 00:00:00',0,0,0,0,'show_page_title=1\nshow_description=0\nshow_description_image=0\nshow_categories=1\nshow_empty_categories=0\nshow_cat_num_articles=1\nshow_category_description=1\npageclass_sfx=\nmenu_image=-1\nsecure=0\norderby=\nshow_noauth=0\nshow_title=1\nlink_titles=0\nshow_intro=1\nshow_section=0\nlink_section=0\nshow_category=0\nlink_category=0\nshow_author=1\nshow_create_date=1\nshow_modify_date=1\nshow_item_navigation=0\nshow_readmore=1\nshow_vote=0\nshow_icons=1\nshow_pdf_icon=1\nshow_print_icon=1\nshow_email_icon=1\nshow_hits=1',0,0,0),
 (11,'projectmenu','Joomla! Home','joomla-home','http://www.joomla.org','url',-2,0,0,0,1,0,'0000-00-00 00:00:00',0,0,0,3,'menu_image=-1\n\n',0,0,0),
 (12,'projectmenu','Joomla! Forums','joomla-forums','http://forum.joomla.org','url',-2,0,0,0,2,0,'0000-00-00 00:00:00',0,0,0,3,'menu_image=-1\n\n',0,0,0),
 (13,'projectmenu','Joomla! Documentation','joomla-documentation','http://docs.joomla.org','url',-2,0,0,0,3,0,'0000-00-00 00:00:00',0,0,0,3,'menu_image=-1\n\n',0,0,0),
 (14,'projectmenu','Joomla! Community','joomla-community','http://community.joomla.org','url',-2,0,0,0,4,0,'0000-00-00 00:00:00',0,0,0,3,'menu_image=-1\n\n',0,0,0),
 (15,'projectmenu','Joomla! Magazine','joomla-community-magazine','http://community.joomla.org/magazine.html','url',-2,0,0,0,5,0,'0000-00-00 00:00:00',0,0,0,3,'menu_image=-1\n\n',0,0,0),
 (16,'projectmenu','OSM Home','osm-home','http://www.opensourcematters.org','url',-2,0,0,0,6,0,'0000-00-00 00:00:00',0,0,0,6,'menu_image=-1\n\n',0,0,0),
 (17,'projectmenu','Administrator','administrator','administrator/','url',-2,0,0,0,7,0,'0000-00-00 00:00:00',0,0,0,3,'menu_image=-1\n\n',0,0,0),
 (18,'topmenu','Новости','news','index.php?option=com_content&view=category&layout=blog&id=34','component',1,0,20,0,5,0,'0000-00-00 00:00:00',0,0,0,3,'show_description=0\nshow_description_image=0\nnum_leading_articles=1\nnum_intro_articles=10\nnum_columns=1\nnum_links=5\norderby_pri=\norderby_sec=order\nmulti_column_order=0\nshow_pagination=2\nshow_pagination_results=1\nshow_feed_link=1\nshow_noauth=\nshow_title=\nlink_titles=\nshow_intro=\nshow_section=\nlink_section=\nshow_category=\nlink_category=\nshow_author=\nshow_create_date=1\nshow_modify_date=\nshow_item_navigation=\nshow_readmore=\nshow_vote=\nshow_icons=\nshow_pdf_icon=\nshow_print_icon=\nshow_email_icon=\nshow_hits=\nfeed_summary=\npage_title=Новости компании\nshow_page_title=1\npageclass_sfx=\nmenu_image=-1\nsecure=0\n\n',0,0,0),
 (20,'usermenu','Настройки','your-details','index.php?option=com_user&view=user&task=edit','component',1,0,14,0,1,0,'0000-00-00 00:00:00',0,0,1,3,'welcome_desc=\npage_title=\nshow_page_title=1\npageclass_sfx=\nmenu_image=-1\nsecure=0\n\n',0,0,0),
 (24,'usermenu','Выйти','logout','index.php?option=com_user&view=login','component',1,0,14,0,4,0,'0000-00-00 00:00:00',0,0,1,3,'show_login_title=1\nheader_login=\nlogin=\nlogin_message=0\ndescription_login=0\ndescription_login_text=\nimage_login=\nimage_login_align=right\nshow_logout_title=1\nheader_logout=\nlogout=\nlogout_message=1\ndescription_logout=1\ndescription_logout_text=\nimage_logout=\npage_title=\nshow_page_title=1\npageclass_sfx=\nmenu_image=-1\nsecure=0\n\n',0,0,0),
 (38,'contactsmenu','Content Layouts','content-layouts','index.php?option=com_content&view=article&id=24','component',-2,0,20,0,1,0,'0000-00-00 00:00:00',0,0,0,0,'pageclass_sfx=\nmenu_image=-1\nsecure=0\nshow_noauth=0\nlink_titles=0\nshow_intro=1\nshow_section=0\nlink_section=0\nshow_category=0\nlink_category=0\nshow_author=1\nshow_create_date=1\nshow_modify_date=1\nshow_item_navigation=0\nshow_readmore=1\nshow_vote=0\nshow_icons=1\nshow_pdf_icon=1\nshow_print_icon=1\nshow_email_icon=1\nshow_hits=1\n\n',0,0,0),
 (27,'productmenu','Joomla! Overview','joomla-overview','index.php?option=com_content&view=article&id=19','component',-2,0,20,0,0,0,'0000-00-00 00:00:00',0,0,0,0,'pageclass_sfx=\nmenu_image=-1\nsecure=0\nshow_noauth=0\nlink_titles=0\nshow_intro=1\nshow_section=0\nlink_section=0\nshow_category=0\nlink_category=0\nshow_author=1\nshow_create_date=1\nshow_modify_date=1\nshow_item_navigation=0\nshow_readmore=1\nshow_vote=0\nshow_icons=1\nshow_pdf_icon=1\nshow_print_icon=1\nshow_email_icon=1\nshow_hits=1\n\n',0,0,0),
 (28,'topmenu','O компании','about-itforce','index.php?option=com_content&view=article&id=45','component',1,0,20,0,1,0,'0000-00-00 00:00:00',0,0,0,0,'show_noauth=0\nshow_title=\nlink_titles=0\nshow_intro=1\nshow_section=0\nlink_section=0\nshow_category=0\nlink_category=0\nshow_author=0\nshow_create_date=0\nshow_modify_date=0\nshow_item_navigation=0\nshow_readmore=1\nshow_vote=0\nshow_icons=1\nshow_pdf_icon=0\nshow_print_icon=1\nshow_email_icon=1\nshow_hits=1\nfeed_summary=\npage_title=\nshow_page_title=1\npageclass_sfx=\nmenu_image=-1\nsecure=0\n\n',0,0,0),
 (29,'topmenu','Проекты','projects','index.php?option=com_content&view=category&layout=blog&id=39','component',1,0,20,0,2,0,'0000-00-00 00:00:00',0,0,0,0,'show_description=0\nshow_description_image=0\nnum_leading_articles=0\nnum_intro_articles=10\nnum_columns=1\nnum_links=0\norderby_pri=order\norderby_sec=order\nmulti_column_order=0\nshow_pagination=2\nshow_pagination_results=1\nshow_feed_link=1\nshow_noauth=0\nshow_title=\nlink_titles=0\nshow_intro=1\nshow_section=0\nlink_section=0\nshow_category=0\nlink_category=0\nshow_author=0\nshow_create_date=0\nshow_modify_date=0\nshow_item_navigation=0\nshow_readmore=1\nshow_vote=0\nshow_icons=1\nshow_pdf_icon=0\nshow_print_icon=1\nshow_email_icon=1\nshow_hits=1\nfeed_summary=\npage_title=\nshow_page_title=1\npageclass_sfx=\nmenu_image=-1\nsecure=0\n\n',0,0,0),
 (30,'topmenu','Форум','forum-faktoring','index.php?option=com_content&view=article&id=45','component',1,0,20,0,6,0,'0000-00-00 00:00:00',0,0,0,0,'show_noauth=0\nshow_title=\nlink_titles=0\nshow_intro=1\nshow_section=0\nlink_section=0\nshow_category=0\nlink_category=0\nshow_author=1\nshow_create_date=1\nshow_modify_date=1\nshow_item_navigation=0\nshow_readmore=1\nshow_vote=0\nshow_icons=1\nshow_pdf_icon=1\nshow_print_icon=1\nshow_email_icon=1\nshow_hits=1\nfeed_summary=\npage_title=\nshow_page_title=1\npageclass_sfx=\nmenu_image=-1\nsecure=0\n\n',0,0,0),
 (34,'productmenu','What\'s New in 1.5?','what-is-new-in-1-5','index.php?option=com_content&view=article&id=22','component',-2,0,20,1,0,0,'0000-00-00 00:00:00',0,0,0,0,'pageclass_sfx=\nmenu_image=-1\nsecure=0\nshow_noauth=0\nshow_title=1\nlink_titles=0\nshow_intro=1\nshow_section=0\nlink_section=0\nshow_category=0\nlink_category=0\nshow_author=1\nshow_create_date=1\nshow_modify_date=1\nshow_item_navigation=0\nshow_readmore=1\nshow_vote=0\nshow_icons=1\nshow_pdf_icon=1\nshow_print_icon=1\nshow_email_icon=1\nshow_hits=1\n\n',0,0,0),
 (40,'contactsmenu','Extensions','extensions','index.php?option=com_content&view=article&id=26','component',-2,0,20,0,2,0,'0000-00-00 00:00:00',0,0,0,0,'pageclass_sfx=\nmenu_image=-1\nsecure=0\nshow_noauth=0\nlink_titles=0\nshow_intro=1\nshow_section=0\nlink_section=0\nshow_category=0\nlink_category=0\nshow_author=1\nshow_create_date=1\nshow_modify_date=1\nshow_item_navigation=0\nshow_readmore=1\nshow_vote=0\nshow_icons=1\nshow_pdf_icon=1\nshow_print_icon=1\nshow_email_icon=1\nshow_hits=1\n\n',0,0,0),
 (37,'productmenu','More about Joomla!','more-about-joomla','index.php?option=com_content&view=section&id=4','component',-2,0,20,0,0,0,'0000-00-00 00:00:00',0,0,0,0,'show_page_title=1\nshow_description=0\nshow_description_image=0\nshow_categories=1\nshow_empty_categories=0\nshow_cat_num_articles=1\nshow_category_description=1\npageclass_sfx=\nmenu_image=-1\nsecure=0\norderby=\nshow_noauth=0\nshow_title=1\nlink_titles=0\nshow_intro=1\nshow_section=0\nlink_section=0\nshow_category=0\nlink_category=0\nshow_author=1\nshow_create_date=1\nshow_modify_date=1\nshow_item_navigation=0\nshow_readmore=1\nshow_vote=0\nshow_icons=1\nshow_pdf_icon=1\nshow_print_icon=1\nshow_email_icon=1\nshow_hits=1',0,0,0),
 (43,'contactsmenu','Example Pages','example-pages','index.php?option=com_content&view=article&id=43','component',-2,0,20,0,3,0,'0000-00-00 00:00:00',0,0,0,0,'pageclass_sfx=\nmenu_image=-1\nsecure=0\nshow_noauth=0\nlink_titles=0\nshow_intro=1\nshow_section=0\nlink_section=0\nshow_category=0\nlink_category=0\nshow_author=1\nshow_create_date=1\nshow_modify_date=1\nshow_item_navigation=0\nshow_readmore=1\nshow_vote=0\nshow_icons=1\nshow_pdf_icon=1\nshow_print_icon=1\nshow_email_icon=1\nshow_hits=1\n\n',0,0,0),
 (48,'productmenu','Web Links','web-links','index.php?option=com_weblinks&view=categories','component',-2,0,4,0,0,0,'0000-00-00 00:00:00',0,0,0,0,'page_title=Weblinks\nimage=-1\nimage_align=right\npageclass_sfx=\nmenu_image=-1\nsecure=0\nshow_comp_description=1\ncomp_description=\nshow_link_hits=1\nshow_link_description=1\nshow_other_cats=1\nshow_headings=1\nshow_page_title=1\nlink_target=0\nlink_icons=\n\n',0,0,0),
 (49,'productmenu','News Feeds','news-feeds','index.php?option=com_newsfeeds&view=categories','component',-2,0,11,0,0,0,'0000-00-00 00:00:00',0,0,0,0,'show_page_title=1\npage_title=Newsfeeds\nshow_comp_description=1\ncomp_description=\nimage=-1\nimage_align=right\npageclass_sfx=\nmenu_image=-1\nsecure=0\nshow_headings=1\nshow_name=1\nshow_articles=1\nshow_link=1\nshow_other_cats=1\nshow_cat_description=1\nshow_cat_items=1\nshow_feed_image=1\nshow_feed_description=1\nshow_item_description=1\nfeed_word_count=0\n\n',0,0,0),
 (50,'productmenu','The News','the-news','index.php?option=com_content&view=category&layout=blog&id=1','component',-2,0,20,0,0,0,'0000-00-00 00:00:00',0,0,0,0,'show_page_title=1\npage_title=The News\nshow_description=0\nshow_description_image=0\nnum_leading_articles=1\nnum_intro_articles=4\nnum_columns=2\nnum_links=4\nshow_title=1\npageclass_sfx=\nmenu_image=-1\nsecure=0\norderby_pri=\norderby_sec=\nshow_pagination=2\nshow_pagination_results=1\nshow_noauth=0\nlink_titles=0\nshow_intro=1\nshow_section=0\nlink_section=0\nshow_category=0\nlink_category=0\nshow_author=1\nshow_create_date=1\nshow_modify_date=1\nshow_item_navigation=0\nshow_readmore=1\nshow_vote=0\nshow_icons=1\nshow_pdf_icon=1\nshow_print_icon=1\nshow_email_icon=1\nshow_hits=1\n\n',0,0,0),
 (51,'usermenu','Submit an Article','submit-an-article','index.php?option=com_content&view=article&layout=form','component',1,0,20,0,2,0,'0000-00-00 00:00:00',0,0,2,0,'',0,0,0),
 (52,'usermenu','Submit a Web Link','submit-a-web-link','index.php?option=com_weblinks&view=weblink&layout=form','component',1,0,4,0,3,0,'0000-00-00 00:00:00',0,0,2,0,'',0,0,0),
 (53,'topmenu','Клиенты','clients','index.php?option=com_content&view=article&id=49','component',1,0,20,0,3,0,'0000-00-00 00:00:00',0,0,0,0,'show_noauth=\nshow_title=\nlink_titles=\nshow_intro=\nshow_section=\nlink_section=\nshow_category=\nlink_category=\nshow_author=\nshow_create_date=\nshow_modify_date=\nshow_item_navigation=\nshow_readmore=\nshow_vote=\nshow_icons=\nshow_pdf_icon=\nshow_print_icon=\nshow_email_icon=\nshow_hits=\nfeed_summary=\npage_title=\nshow_page_title=1\npageclass_sfx=\nmenu_image=-1\nsecure=0\n\n',0,0,0),
 (54,'topmenu','Партнеры','partners','index.php?option=com_content&view=article&id=53','component',1,0,20,0,4,0,'0000-00-00 00:00:00',0,0,0,0,'show_noauth=\nshow_title=\nlink_titles=\nshow_intro=\nshow_section=\nlink_section=\nshow_category=\nlink_category=\nshow_author=\nshow_create_date=\nshow_modify_date=\nshow_item_navigation=\nshow_readmore=\nshow_vote=\nshow_icons=\nshow_pdf_icon=\nshow_print_icon=\nshow_email_icon=\nshow_hits=\nfeed_summary=\npage_title=\nshow_page_title=1\npageclass_sfx=\nmenu_image=-1\nsecure=0\n\n',0,0,0),
 (58,'projectmenu','Финансы','finance','index.php?option=com_content&view=article&id=74','component',1,0,20,0,8,0,'0000-00-00 00:00:00',0,0,0,0,'show_noauth=\nshow_title=\nlink_titles=\nshow_intro=\nshow_section=\nlink_section=\nshow_category=\nlink_category=\nshow_author=\nshow_create_date=\nshow_modify_date=\nshow_item_navigation=\nshow_readmore=\nshow_vote=\nshow_icons=\nshow_pdf_icon=\nshow_print_icon=\nshow_email_icon=\nshow_hits=\nfeed_summary=\npage_title=\nshow_page_title=1\npageclass_sfx=\nmenu_image=-1\nsecure=0\n\n',0,0,0),
 (59,'projectmenu','Страхование','strahovanie','index.php?option=com_content&view=article&id=76','component',1,0,20,0,11,0,'0000-00-00 00:00:00',0,0,0,0,'show_noauth=\nshow_title=\nlink_titles=\nshow_intro=\nshow_section=\nlink_section=\nshow_category=\nlink_category=\nshow_author=\nshow_create_date=\nshow_modify_date=\nshow_item_navigation=\nshow_readmore=\nshow_vote=\nshow_icons=\nshow_pdf_icon=\nshow_print_icon=\nshow_email_icon=\nshow_hits=\nfeed_summary=\npage_title=\nshow_page_title=1\npageclass_sfx=\nmenu_image=-1\nsecure=0\n\n',0,0,0),
 (55,'productmenu','Актив-Факторинг','aktiv-factoring','index.php?option=com_content&view=article&id=46','component',1,0,20,0,1,0,'0000-00-00 00:00:00',0,0,0,0,'show_noauth=\nshow_title=\nlink_titles=\nshow_intro=\nshow_section=\nlink_section=\nshow_category=\nlink_category=\nshow_author=\nshow_create_date=\nshow_modify_date=\nshow_item_navigation=\nshow_readmore=\nshow_vote=\nshow_icons=\nshow_pdf_icon=\nshow_print_icon=\nshow_email_icon=\nshow_hits=\nfeed_summary=\npage_title=\nshow_page_title=1\npageclass_sfx=\nmenu_image=-1\nsecure=0\n\n',0,0,0),
 (56,'productmenu','Актив-Бизнес процессы','aktiv-process','index.php?option=com_content&view=article&id=48','component',1,0,20,0,3,0,'0000-00-00 00:00:00',0,0,0,0,'show_noauth=\nshow_title=\nlink_titles=\nshow_intro=\nshow_section=\nlink_section=\nshow_category=\nlink_category=\nshow_author=\nshow_create_date=\nshow_modify_date=\nshow_item_navigation=\nshow_readmore=\nshow_vote=\nshow_icons=\nshow_pdf_icon=\nshow_print_icon=\nshow_email_icon=\nshow_hits=\nfeed_summary=\npage_title=\nshow_page_title=1\npageclass_sfx=\nmenu_image=-1\nsecure=0\n\n',0,0,0),
 (57,'productmenu','Актив-Доходность','aktiv-dohodnost','index.php?option=com_content&view=article&id=47','component',1,0,20,0,2,0,'0000-00-00 00:00:00',0,0,0,0,'show_noauth=\nshow_title=\nlink_titles=\nshow_intro=\nshow_section=\nlink_section=\nshow_category=\nlink_category=\nshow_author=\nshow_create_date=\nshow_modify_date=\nshow_item_navigation=\nshow_readmore=\nshow_vote=\nshow_icons=\nshow_pdf_icon=\nshow_print_icon=\nshow_email_icon=\nshow_hits=\nfeed_summary=\npage_title=\nshow_page_title=1\npageclass_sfx=\nmenu_image=-1\nsecure=0\n\n',0,0,0),
 (60,'projectmenu','Факторинговые компании','factoring-company','index.php?option=com_content&view=article&id=75','component',1,0,20,0,9,0,'0000-00-00 00:00:00',0,0,0,0,'show_noauth=\nshow_title=\nlink_titles=\nshow_intro=\nshow_section=\nlink_section=\nshow_category=\nlink_category=\nshow_author=\nshow_create_date=\nshow_modify_date=\nshow_item_navigation=\nshow_readmore=\nshow_vote=\nshow_icons=\nshow_pdf_icon=\nshow_print_icon=\nshow_email_icon=\nshow_hits=\nfeed_summary=\npage_title=\nshow_page_title=1\npageclass_sfx=\nmenu_image=-1\nsecure=0\n\n',0,0,0),
 (61,'projectmenu','Консалтинг & ИТ','consalting-it','index.php?option=com_content&view=article&id=77','component',1,0,20,0,12,0,'0000-00-00 00:00:00',0,0,0,0,'show_noauth=\nshow_title=\nlink_titles=\nshow_intro=\nshow_section=\nlink_section=\nshow_category=\nlink_category=\nshow_author=\nshow_create_date=\nshow_modify_date=\nshow_item_navigation=\nshow_readmore=\nshow_vote=\nshow_icons=\nshow_pdf_icon=\nshow_print_icon=\nshow_email_icon=\nshow_hits=\nfeed_summary=\npage_title=\nshow_page_title=1\npageclass_sfx=\nmenu_image=-1\nsecure=0\n\n',0,0,0),
 (62,'contactsmenu','Как нас найти','contacts','index.php?option=com_content&view=article&id=50','component',1,0,20,0,5,0,'0000-00-00 00:00:00',0,0,0,0,'show_noauth=\nshow_title=\nlink_titles=\nshow_intro=\nshow_section=\nlink_section=\nshow_category=\nlink_category=\nshow_author=\nshow_create_date=\nshow_modify_date=\nshow_item_navigation=\nshow_readmore=\nshow_vote=\nshow_icons=\nshow_pdf_icon=\nshow_print_icon=\nshow_email_icon=\nshow_hits=\nfeed_summary=\npage_title=\nshow_page_title=1\npageclass_sfx=\nmenu_image=-1\nsecure=0\n\n',0,0,0),
 (63,'projectmenu','Производственные предприятия','proizvodstvo','index.php?option=com_content&view=article&id=61','component',1,0,20,0,10,0,'0000-00-00 00:00:00',0,0,0,0,'show_noauth=\nshow_title=\nlink_titles=\nshow_intro=\nshow_section=\nlink_section=\nshow_category=\nlink_category=\nshow_author=\nshow_create_date=\nshow_modify_date=\nshow_item_navigation=\nshow_readmore=\nshow_vote=\nshow_icons=\nshow_pdf_icon=\nshow_print_icon=\nshow_email_icon=\nshow_hits=\nfeed_summary=\npage_title=\nshow_page_title=1\npageclass_sfx=\nmenu_image=-1\nsecure=0\n\n',0,0,0),
 (64,'contactsmenu','Задать вопрос','factoring-question','index.php?option=com_chronocontact','component',1,0,42,0,4,0,'0000-00-00 00:00:00',0,0,0,0,'formname=question\npage_title=\nshow_page_title=1\npageclass_sfx=\nmenu_image=-1\nsecure=0\n\n',0,0,0);


--
-- Definition of table `jos_menu_types`
--

CREATE TABLE `jos_menu_types` (
  `id` int(10) unsigned NOT NULL auto_increment,
  `menutype` varchar(75) NOT NULL default '',
  `title` varchar(255) NOT NULL default '',
  `description` varchar(255) NOT NULL default '',
  PRIMARY KEY  (`id`),
  UNIQUE KEY `menutype` (`menutype`)
) ENGINE=MyISAM AUTO_INCREMENT=7 DEFAULT CHARSET=utf8;

--
-- Dumping data for table `jos_menu_types`
--

INSERT INTO `jos_menu_types` (`id`,`menutype`,`title`,`description`) VALUES 
 (1,'productmenu','Продукты','The main menu for the site'),
 (2,'usermenu','Клиентам','A Menu for logged in Users'),
 (3,'topmenu','Top Menu','Top level navigation'),
 (4,'projectmenu','Бизнес-решения','Additional links'),
 (6,'contactsmenu','Контакты','This describes some critical information for new Users.');


--
-- Definition of table `jos_messages`
--

CREATE TABLE `jos_messages` (
  `message_id` int(10) unsigned NOT NULL auto_increment,
  `user_id_from` int(10) unsigned NOT NULL default '0',
  `user_id_to` int(10) unsigned NOT NULL default '0',
  `folder_id` int(10) unsigned NOT NULL default '0',
  `date_time` datetime NOT NULL default '0000-00-00 00:00:00',
  `state` int(11) NOT NULL default '0',
  `priority` int(1) unsigned NOT NULL default '0',
  `subject` text NOT NULL,
  `message` text NOT NULL,
  PRIMARY KEY  (`message_id`),
  KEY `useridto_state` (`user_id_to`,`state`)
) ENGINE=MyISAM DEFAULT CHARSET=utf8;

--
-- Dumping data for table `jos_messages`
--



--
-- Definition of table `jos_messages_cfg`
--

CREATE TABLE `jos_messages_cfg` (
  `user_id` int(10) unsigned NOT NULL default '0',
  `cfg_name` varchar(100) NOT NULL default '',
  `cfg_value` varchar(255) NOT NULL default '',
  UNIQUE KEY `idx_user_var_name` (`user_id`,`cfg_name`)
) ENGINE=MyISAM DEFAULT CHARSET=utf8;

--
-- Dumping data for table `jos_messages_cfg`
--



--
-- Definition of table `jos_migration_backlinks`
--

CREATE TABLE `jos_migration_backlinks` (
  `itemid` int(11) NOT NULL,
  `name` varchar(100) NOT NULL,
  `url` text NOT NULL,
  `sefurl` text NOT NULL,
  `newurl` text NOT NULL,
  PRIMARY KEY  (`itemid`)
) ENGINE=MyISAM DEFAULT CHARSET=utf8;

--
-- Dumping data for table `jos_migration_backlinks`
--



--
-- Definition of table `jos_modules`
--

CREATE TABLE `jos_modules` (
  `id` int(11) NOT NULL auto_increment,
  `title` text NOT NULL,
  `content` text NOT NULL,
  `ordering` int(11) NOT NULL default '0',
  `position` varchar(50) default NULL,
  `checked_out` int(11) unsigned NOT NULL default '0',
  `checked_out_time` datetime NOT NULL default '0000-00-00 00:00:00',
  `published` tinyint(1) NOT NULL default '0',
  `module` varchar(50) default NULL,
  `numnews` int(11) NOT NULL default '0',
  `access` tinyint(3) unsigned NOT NULL default '0',
  `showtitle` tinyint(3) unsigned NOT NULL default '1',
  `params` text NOT NULL,
  `iscore` tinyint(4) NOT NULL default '0',
  `client_id` tinyint(4) NOT NULL default '0',
  `control` text NOT NULL,
  PRIMARY KEY  (`id`),
  KEY `published` (`published`,`access`),
  KEY `newsfeeds` (`module`,`published`)
) ENGINE=MyISAM AUTO_INCREMENT=47 DEFAULT CHARSET=utf8;

--
-- Dumping data for table `jos_modules`
--

INSERT INTO `jos_modules` (`id`,`title`,`content`,`ordering`,`position`,`checked_out`,`checked_out_time`,`published`,`module`,`numnews`,`access`,`showtitle`,`params`,`iscore`,`client_id`,`control`) VALUES 
 (1,'Продукты','',2,'left',0,'0000-00-00 00:00:00',1,'mod_mainmenu',0,0,1,'menutype=productmenu\nmenu_style=list\nstartLevel=0\nendLevel=0\nshowAllChildren=0\nwindow_open=\nshow_whitespace=0\ncache=1\ntag_id=\nclass_sfx=\nmoduleclass_sfx=_menu\nmaxdepth=10\nmenu_images=0\nmenu_images_align=0\nmenu_images_link=0\nexpand_menu=0\nactivate_parent=0\nfull_active_id=0\nindent_image=0\nindent_image1=\nindent_image2=\nindent_image3=\nindent_image4=\nindent_image5=\nindent_image6=\nspacer=\nend_spacer=\n\n',1,0,''),
 (2,'Login','',1,'login',0,'0000-00-00 00:00:00',1,'mod_login',0,0,1,'',1,1,''),
 (3,'Popular','',3,'cpanel',0,'0000-00-00 00:00:00',1,'mod_popular',0,2,1,'',0,1,''),
 (4,'Recent added Articles','',4,'cpanel',0,'0000-00-00 00:00:00',1,'mod_latest',0,2,1,'ordering=c_dsc\nuser_id=0\ncache=0\n\n',0,1,''),
 (5,'Menu Stats','',5,'cpanel',0,'0000-00-00 00:00:00',1,'mod_stats',0,2,1,'',0,1,''),
 (6,'Unread Messages','',1,'header',0,'0000-00-00 00:00:00',1,'mod_unread',0,2,1,'',1,1,''),
 (7,'Online Users','',2,'header',0,'0000-00-00 00:00:00',1,'mod_online',0,2,1,'',1,1,''),
 (8,'Toolbar','',1,'toolbar',0,'0000-00-00 00:00:00',1,'mod_toolbar',0,2,1,'',1,1,''),
 (9,'Quick Icons','',1,'icon',0,'0000-00-00 00:00:00',1,'mod_quickicon',0,2,1,'',1,1,''),
 (10,'Logged in Users','',2,'cpanel',0,'0000-00-00 00:00:00',1,'mod_logged',0,2,1,'',0,1,''),
 (11,'Footer','',0,'footer',0,'0000-00-00 00:00:00',1,'mod_footer',0,0,1,'',1,1,''),
 (12,'Admin Menu','',1,'menu',0,'0000-00-00 00:00:00',1,'mod_menu',0,2,1,'',0,1,''),
 (13,'Admin SubMenu','',1,'submenu',0,'0000-00-00 00:00:00',1,'mod_submenu',0,2,1,'',0,1,''),
 (14,'User Status','',1,'status',0,'0000-00-00 00:00:00',1,'mod_status',0,2,1,'',0,1,''),
 (15,'Title','',1,'title',0,'0000-00-00 00:00:00',1,'mod_title',0,2,1,'',0,1,''),
 (16,'Голосуем','',5,'right',0,'0000-00-00 00:00:00',0,'mod_poll',0,0,1,'id=14\nmoduleclass_sfx=\ncache=1\ncache_time=900\n\n',0,0,''),
 (17,'Личный кабинет','',3,'right',0,'0000-00-00 00:00:00',1,'mod_mainmenu',0,1,1,'menutype=usermenu\nmenu_style=list\nstartLevel=0\nendLevel=0\nshowAllChildren=0\nwindow_open=\nshow_whitespace=0\ncache=1\ntag_id=\nclass_sfx=\nmoduleclass_sfx=_menu\nmaxdepth=10\nmenu_images=0\nmenu_images_align=0\nmenu_images_link=0\nexpand_menu=0\nactivate_parent=0\nfull_active_id=0\nindent_image=0\nindent_image1=\nindent_image2=\nindent_image3=\nindent_image4=\nindent_image5=\nindent_image6=\nspacer=\nend_spacer=\n\n',1,0,''),
 (18,'Пользователям','',2,'right',0,'0000-00-00 00:00:00',1,'mod_login',0,0,1,'cache=0\nmoduleclass_sfx=\npretext=\nposttext=\nlogin=\nlogout=\ngreeting=1\nname=1\nusesecure=0\n\n',1,0,''),
 (19,'Обновления','',0,'user1',0,'0000-00-00 00:00:00',1,'mod_latestnews',0,0,1,'count=5\nordering=c_dsc\nuser_id=0\nshow_front=1\nsecid=\ncatid=\nmoduleclass_sfx=\ncache=1\ncache_time=900\n\n',1,0,''),
 (20,'Statistics','',6,'left',0,'0000-00-00 00:00:00',0,'mod_stats',0,0,1,'serverinfo=1\nsiteinfo=1\ncounter=1\nincrease=0\nmoduleclass_sfx=',0,0,''),
 (21,'Who\'s Online','',6,'right',0,'0000-00-00 00:00:00',0,'mod_whosonline',0,0,1,'online=1\nusers=1\nmoduleclass_sfx=',0,0,''),
 (22,'Популярное','',0,'user2',0,'0000-00-00 00:00:00',1,'mod_mostread',0,0,1,'moduleclass_sfx=\nshow_front=1\ncount=5\ncatid=\nsecid=\ncache=1\ncache_time=900\n\n',0,0,''),
 (23,'Archive','',9,'left',0,'0000-00-00 00:00:00',0,'mod_archive',0,0,1,'cache=1',1,0,''),
 (24,'Sections','',10,'left',0,'0000-00-00 00:00:00',0,'mod_sections',0,0,1,'cache=1',1,0,''),
 (25,'Новости','',7,'right',0,'0000-00-00 00:00:00',1,'mod_newsflash',0,0,1,'catid=34\nlayout=default\nimage=0\nlink_titles=0\nshowLastSeparator=1\nreadmore=0\nitem_title=1\nitems=\nmoduleclass_sfx=\ncache=0\ncache_time=900\n\n',0,0,''),
 (26,'Related Items','',11,'left',0,'0000-00-00 00:00:00',0,'mod_related_items',0,0,1,'',0,0,''),
 (27,'Search','',1,'user4',0,'0000-00-00 00:00:00',1,'mod_search',0,0,0,'cache=1',0,0,''),
 (28,'Random Image','',9,'right',0,'0000-00-00 00:00:00',0,'mod_random_image',0,0,1,'',0,0,''),
 (29,'Top Menu','',1,'user3',0,'0000-00-00 00:00:00',1,'mod_mainmenu',0,0,0,'cache=1\nmenutype=topmenu\nmenu_style=list_flat\nmenu_images=n\nmenu_images_align=left\nexpand_menu=n\nclass_sfx=-nav\nmoduleclass_sfx=\nindent_image1=0\nindent_image2=0\nindent_image3=0\nindent_image4=0\nindent_image5=0\nindent_image6=0',1,0,''),
 (30,'Banners','',1,'footer',0,'0000-00-00 00:00:00',1,'mod_banners',0,0,0,'target=1\ncount=1\ncid=1\ncatid=33\ntag_search=0\nordering=random\nheader_text=\nfooter_text=\nmoduleclass_sfx=\ncache=1\ncache_time=15\n\n',1,0,''),
 (31,'Бизнес-решения','',0,'left',0,'0000-00-00 00:00:00',1,'mod_mainmenu',0,0,1,'menutype=projectmenu\nmenu_style=list\nstartLevel=0\nendLevel=0\nshowAllChildren=0\nwindow_open=\nshow_whitespace=0\ncache=1\ntag_id=\nclass_sfx=\nmoduleclass_sfx=_menu\nmaxdepth=10\nmenu_images=0\nmenu_images_align=0\nmenu_images_link=0\nexpand_menu=0\nactivate_parent=0\nfull_active_id=0\nindent_image=0\nindent_image1=\nindent_image2=\nindent_image3=\nindent_image4=\nindent_image5=\nindent_image6=\nspacer=\nend_spacer=\n\n',0,0,''),
 (32,'Wrapper','',12,'left',0,'0000-00-00 00:00:00',0,'mod_wrapper',0,0,1,'',0,0,''),
 (33,'Footer','',2,'footer',0,'0000-00-00 00:00:00',1,'mod_footer',0,0,0,'cache=1\n\n',1,0,''),
 (34,'Feed Display','',13,'left',0,'0000-00-00 00:00:00',0,'mod_feed',0,0,1,'',1,0,''),
 (35,'Breadcrumbs','',0,'breadcrumb',0,'0000-00-00 00:00:00',1,'mod_breadcrumbs',0,0,1,'showHome=1\nhomeText=Главная\nshowLast=1\nseparator=\nmoduleclass_sfx=\ncache=0\n\n',1,0,''),
 (36,'Syndication','',3,'syndicate',0,'0000-00-00 00:00:00',1,'mod_syndicate',0,0,0,'',1,0,''),
 (38,'Это интересно','',8,'right',0,'0000-00-00 00:00:00',0,'mod_banners',0,0,1,'target=1\ncount=4\ncid=0\ncatid=14\ntag_search=0\nordering=0\nheader_text=Featured Links:\nfooter_text=<a href=\"http://www.joomla.org\">Ads by Joomla!</a>\nmoduleclass_sfx=_text\ncache=0\ncache_time=900\n\n',0,0,''),
 (40,'Контакты','',3,'left',0,'0000-00-00 00:00:00',1,'mod_mainmenu',0,0,1,'menutype=contactsmenu\nmenu_style=list\nstartLevel=0\nendLevel=0\nshowAllChildren=0\nwindow_open=\nshow_whitespace=0\ncache=1\ntag_id=\nclass_sfx=\nmoduleclass_sfx=_menu\nmaxdepth=10\nmenu_images=0\nmenu_images_align=0\nmenu_images_link=0\nexpand_menu=0\nactivate_parent=0\nfull_active_id=0\nindent_image=0\nindent_image1=\nindent_image2=\nindent_image3=\nindent_image4=\nindent_image5=\nindent_image6=\nspacer=\nend_spacer=\n\n',0,0,''),
 (41,'Welcome to Joomla!','<div style=\"padding: 5px\">  <p>   Congratulations on choosing Joomla! as your content management system. To   help you get started, check out these excellent resources for securing your   server and pointers to documentation and other helpful resources. </p> <p>   <strong>Security</strong><br /> </p> <p>   On the Internet, security is always a concern. For that reason, you are   encouraged to subscribe to the   <a href=\"http://feedburner.google.com/fb/a/mailverify?uri=JoomlaSecurityNews\" target=\"_blank\">Joomla!   Security Announcements</a> for the latest information on new Joomla! releases,   emailed to you automatically. </p> <p>   If this is one of your first Web sites, security considerations may   seem complicated and intimidating. There are three simple steps that go a long   way towards securing a Web site: (1) regular backups; (2) prompt updates to the   <a href=\"http://www.joomla.org/download.html\" target=\"_blank\">latest Joomla! release;</a> and (3) a <a href=\"http://docs.joomla.org/Security_Checklist_2_-_Hosting_and_Server_Setup\" target=\"_blank\" title=\"good Web host\">good Web host</a>. There are many other important security considerations that you can learn about by reading the <a href=\"http://docs.joomla.org/Category:Security_Checklist\" target=\"_blank\" title=\"Joomla! Security Checklist\">Joomla! Security Checklist</a>. </p> <p>If you believe your Web site was attacked, or you think you have discovered a security issue in Joomla!, please do not post it in the Joomla! forums. Publishing this information could put other Web sites at risk. Instead, report possible security vulnerabilities to the <a href=\"http://developer.joomla.org/security/contact-the-team.html\" target=\"_blank\" title=\"Joomla! Security Task Force\">Joomla! Security Task Force</a>.</p><p><strong>Learning Joomla!</strong> </p> <p>   A good place to start learning Joomla! is the   \"<a href=\"http://docs.joomla.org/beginners\" target=\"_blank\">Absolute Beginner\'s   Guide to Joomla!.</a>\" There, you will find a Quick Start to Joomla!   <a href=\"http://help.joomla.org/ghop/feb2008/task048/joomla_15_quickstart.pdf\" target=\"_blank\">guide</a>   and <a href=\"http://help.joomla.org/ghop/feb2008/task167/index.html\" target=\"_blank\">video</a>,   amongst many other tutorials. The   <a href=\"http://community.joomla.org/magazine/view-all-issues.html\" target=\"_blank\">Joomla!   Community Magazine</a> also has   <a href=\"http://community.joomla.org/magazine/article/522-introductory-learning-joomla-using-sample-data.html\" target=\"_blank\">articles   for new learners</a> and experienced users, alike. A great place to look for   answers is the   <a href=\"http://docs.joomla.org/Category:FAQ\" target=\"_blank\">Frequently Asked   Questions (FAQ)</a>. If you are stuck on a particular screen in the   Administrator (which is where you are now), try clicking the Help toolbar   button to get assistance specific to that page. </p> <p>   If you still have questions, please feel free to use the   <a href=\"http://forum.joomla.org/\" target=\"_blank\">Joomla! Forums.</a> The forums   are an incredibly valuable resource for all levels of Joomla! users. Before   you post a question, though, use the forum search (located at the top of each   forum page) to see if the question has been asked and answered. </p> <p>   <strong>Getting Involved</strong> </p> <p>   <a name=\"twjs\" title=\"twjs\"></a> If you want to help make Joomla! better, consider getting   involved. There are   <a href=\"http://www.joomla.org/about-joomla/contribute-to-joomla.html\" target=\"_blank\">many ways   you can make a positive difference.</a> Have fun using Joomla!.</p></div>',0,'cpanel',0,'0000-00-00 00:00:00',1,'mod_custom',0,2,1,'moduleclass_sfx=\n\n',1,1,''),
 (42,'Joomla! Security Newsfeed','',6,'cpanel',0,'0000-00-00 00:00:00',1,'mod_feed',0,0,1,'cache=1\ncache_time=15\nmoduleclass_sfx=\nrssurl=http://feeds.joomla.org/JoomlaSecurityNews\nrssrtl=0\nrsstitle=1\nrssdesc=0\nrssimage=1\nrssitems=1\nrssitemdesc=1\nword_count=0\n\n',0,1,''),
 (43,'Клиенты','<div class=\"module_menu\">\r\n<ul class=\"menu\">\r\n<li class=\"item58\"><a href=\"index.php/clients\">ФК «Кедр-Финанс»</a></li>\r\n<li class=\"item58\"><a href=\"index.php/clients\">ООО «Славия-Факторинг»</a></li>\r\n<li class=\"item58\"><a href=\"index.php/clients\">КБ «Русский банк развития»</a></li>\r\n</ul>\r\n</div>',2,'left',0,'0000-00-00 00:00:00',1,'mod_custom',0,0,1,'moduleclass_sfx=\n\n',0,0,''),
 (44,'DGM Read Also (SEO) J! 1.5','',14,'left',0,'0000-00-00 00:00:00',0,'mod_dgm-ra-seo',0,0,1,'module_name=1\nwright_module_name=See Also\nclass_module_name=componentheading\ntemplate=default.php\nshowDate=1\nshowCat=1\ncount=5\nselekt_secid_catid=1\nordering=created_desc\n',0,0,''),
 (45,'Дополнительно','',1,'right',0,'0000-00-00 00:00:00',1,'mod_related_items',0,0,1,'showDate=0\nmoduleclass_sfx=\ncache=0\ncache_time=900\n\n',0,0,''),
 (46,'Проекты','',4,'right',0,'0000-00-00 00:00:00',1,'mod_newsflash',0,0,1,'catid=39\nlayout=default\nimage=0\nlink_titles=0\nshowLastSeparator=1\nreadmore=0\nitem_title=1\nitems=\nmoduleclass_sfx=\ncache=0\ncache_time=900\n\n',0,0,'');


--
-- Definition of table `jos_modules_menu`
--

CREATE TABLE `jos_modules_menu` (
  `moduleid` int(11) NOT NULL default '0',
  `menuid` int(11) NOT NULL default '0',
  PRIMARY KEY  (`moduleid`,`menuid`)
) ENGINE=MyISAM DEFAULT CHARSET=utf8;

--
-- Dumping data for table `jos_modules_menu`
--

INSERT INTO `jos_modules_menu` (`moduleid`,`menuid`) VALUES 
 (1,0),
 (16,1),
 (17,0),
 (18,0),
 (19,1),
 (21,1),
 (22,1),
 (22,2),
 (22,27),
 (25,0),
 (27,0),
 (29,0),
 (30,0),
 (31,0),
 (32,0),
 (33,0),
 (34,0),
 (35,0),
 (36,0),
 (38,1),
 (39,43),
 (39,44),
 (39,45),
 (39,46),
 (39,47),
 (40,0),
 (43,0),
 (44,0),
 (45,55),
 (45,56),
 (45,57),
 (45,58),
 (45,59),
 (45,60),
 (45,61),
 (46,0);


--
-- Definition of table `jos_newsfeeds`
--

CREATE TABLE `jos_newsfeeds` (
  `catid` int(11) NOT NULL default '0',
  `id` int(11) NOT NULL auto_increment,
  `name` text NOT NULL,
  `alias` varchar(255) NOT NULL default '',
  `link` text NOT NULL,
  `filename` varchar(200) default NULL,
  `published` tinyint(1) NOT NULL default '0',
  `numarticles` int(11) unsigned NOT NULL default '1',
  `cache_time` int(11) unsigned NOT NULL default '3600',
  `checked_out` tinyint(3) unsigned NOT NULL default '0',
  `checked_out_time` datetime NOT NULL default '0000-00-00 00:00:00',
  `ordering` int(11) NOT NULL default '0',
  `rtl` tinyint(4) NOT NULL default '0',
  PRIMARY KEY  (`id`),
  KEY `published` (`published`),
  KEY `catid` (`catid`)
) ENGINE=MyISAM AUTO_INCREMENT=15 DEFAULT CHARSET=utf8;

--
-- Dumping data for table `jos_newsfeeds`
--

INSERT INTO `jos_newsfeeds` (`catid`,`id`,`name`,`alias`,`link`,`filename`,`published`,`numarticles`,`cache_time`,`checked_out`,`checked_out_time`,`ordering`,`rtl`) VALUES 
 (4,1,'Joomla! Announcements','joomla-official-news','http://feeds.joomla.org/JoomlaAnnouncements','',1,5,3600,0,'0000-00-00 00:00:00',1,0),
 (4,2,'Joomla! Core Team Blog','joomla-core-team-blog','http://feeds.joomla.org/JoomlaCommunityCoreTeamBlog','',1,5,3600,0,'0000-00-00 00:00:00',2,0),
 (4,3,'Joomla! Community Magazine','joomla-community-magazine','http://feeds.joomla.org/JoomlaMagazine','',1,20,3600,0,'0000-00-00 00:00:00',3,0),
 (4,4,'Joomla! Developer News','joomla-developer-news','http://feeds.joomla.org/JoomlaDeveloper','',1,5,3600,0,'0000-00-00 00:00:00',4,0),
 (4,5,'Joomla! Security News','joomla-security-news','http://feeds.joomla.org/JoomlaSecurityNews','',1,5,3600,0,'0000-00-00 00:00:00',5,0),
 (5,6,'Free Software Foundation Blogs','free-software-foundation-blogs','http://www.fsf.org/blogs/RSS',NULL,1,5,3600,0,'0000-00-00 00:00:00',4,0),
 (5,7,'Free Software Foundation','free-software-foundation','http://www.fsf.org/news/RSS',NULL,1,5,3600,0,'0000-00-00 00:00:00',3,0),
 (5,8,'Software Freedom Law Center Blog','software-freedom-law-center-blog','http://www.softwarefreedom.org/feeds/blog/',NULL,1,5,3600,0,'0000-00-00 00:00:00',2,0),
 (5,9,'Software Freedom Law Center News','software-freedom-law-center','http://www.softwarefreedom.org/feeds/news/',NULL,1,5,3600,0,'0000-00-00 00:00:00',1,0),
 (5,10,'Open Source Initiative Blog','open-source-initiative-blog','http://www.opensource.org/blog/feed',NULL,1,5,3600,0,'0000-00-00 00:00:00',5,0),
 (6,11,'PHP News and Announcements','php-news-and-announcements','http://www.php.net/feed.atom',NULL,1,5,3600,0,'0000-00-00 00:00:00',1,0),
 (6,12,'Planet MySQL','planet-mysql','http://www.planetmysql.org/rss20.xml',NULL,1,5,3600,0,'0000-00-00 00:00:00',2,0),
 (6,13,'Linux Foundation Announcements','linux-foundation-announcements','http://www.linuxfoundation.org/press/rss20.xml',NULL,1,5,3600,0,'0000-00-00 00:00:00',3,0),
 (6,14,'Mootools Blog','mootools-blog','http://feeds.feedburner.com/mootools-blog',NULL,1,5,3600,0,'0000-00-00 00:00:00',4,0);


--
-- Definition of table `jos_plugins`
--

CREATE TABLE `jos_plugins` (
  `id` int(11) NOT NULL auto_increment,
  `name` varchar(100) NOT NULL default '',
  `element` varchar(100) NOT NULL default '',
  `folder` varchar(100) NOT NULL default '',
  `access` tinyint(3) unsigned NOT NULL default '0',
  `ordering` int(11) NOT NULL default '0',
  `published` tinyint(3) NOT NULL default '0',
  `iscore` tinyint(3) NOT NULL default '0',
  `client_id` tinyint(3) NOT NULL default '0',
  `checked_out` int(11) unsigned NOT NULL default '0',
  `checked_out_time` datetime NOT NULL default '0000-00-00 00:00:00',
  `params` text NOT NULL,
  PRIMARY KEY  (`id`),
  KEY `idx_folder` (`published`,`client_id`,`access`,`folder`)
) ENGINE=MyISAM AUTO_INCREMENT=34 DEFAULT CHARSET=utf8;

--
-- Dumping data for table `jos_plugins`
--

INSERT INTO `jos_plugins` (`id`,`name`,`element`,`folder`,`access`,`ordering`,`published`,`iscore`,`client_id`,`checked_out`,`checked_out_time`,`params`) VALUES 
 (1,'Authentication - Joomla','joomla','authentication',0,1,1,1,0,0,'0000-00-00 00:00:00',''),
 (2,'Authentication - LDAP','ldap','authentication',0,2,0,1,0,0,'0000-00-00 00:00:00','host=\nport=389\nuse_ldapV3=0\nnegotiate_tls=0\nno_referrals=0\nauth_method=bind\nbase_dn=\nsearch_string=\nusers_dn=\nusername=\npassword=\nldap_fullname=fullName\nldap_email=mail\nldap_uid=uid\n\n'),
 (3,'Authentication - GMail','gmail','authentication',0,4,0,0,0,0,'0000-00-00 00:00:00',''),
 (4,'Authentication - OpenID','openid','authentication',0,3,0,0,0,0,'0000-00-00 00:00:00',''),
 (5,'User - Joomla!','joomla','user',0,0,1,0,0,0,'0000-00-00 00:00:00','autoregister=1\n\n'),
 (6,'Search - Content','content','search',0,1,1,1,0,0,'0000-00-00 00:00:00','search_limit=50\nsearch_content=1\nsearch_uncategorised=1\nsearch_archived=1\n\n'),
 (7,'Search - Contacts','contacts','search',0,3,1,1,0,0,'0000-00-00 00:00:00','search_limit=50\n\n'),
 (8,'Search - Categories','categories','search',0,4,1,0,0,0,'0000-00-00 00:00:00','search_limit=50\n\n'),
 (9,'Search - Sections','sections','search',0,5,1,0,0,0,'0000-00-00 00:00:00','search_limit=50\n\n'),
 (10,'Search - Newsfeeds','newsfeeds','search',0,6,1,0,0,0,'0000-00-00 00:00:00','search_limit=50\n\n'),
 (11,'Search - Weblinks','weblinks','search',0,2,1,1,0,0,'0000-00-00 00:00:00','search_limit=50\n\n'),
 (12,'Content - Pagebreak','pagebreak','content',0,10000,1,1,0,0,'0000-00-00 00:00:00','enabled=1\ntitle=1\nmultipage_toc=1\nshowall=1\n\n'),
 (13,'Content - Rating','vote','content',0,4,1,1,0,0,'0000-00-00 00:00:00',''),
 (14,'Content - Email Cloaking','emailcloak','content',0,5,1,0,0,0,'0000-00-00 00:00:00','mode=1\n\n'),
 (15,'Content - Code Hightlighter (GeSHi)','geshi','content',0,5,0,0,0,0,'0000-00-00 00:00:00',''),
 (16,'Content - Load Module','loadmodule','content',0,6,1,0,0,0,'0000-00-00 00:00:00','enabled=1\nstyle=0\n\n'),
 (17,'Content - Page Navigation','pagenavigation','content',0,2,1,1,0,0,'0000-00-00 00:00:00','position=1\n\n'),
 (18,'Editor - No Editor','none','editors',0,0,1,1,0,0,'0000-00-00 00:00:00',''),
 (19,'Editor - TinyMCE','tinymce','editors',0,0,1,1,0,0,'0000-00-00 00:00:00','theme=advanced\ncleanup=1\ncleanup_startup=0\nautosave=0\ncompressed=0\nrelative_urls=1\ntext_direction=ltr\nlang_mode=0\nlang_code=en\ninvalid_elements=applet\ncontent_css=1\ncontent_css_custom=\nnewlines=0\ntoolbar=top\nhr=1\nsmilies=1\ntable=1\nstyle=1\nlayer=1\nxhtmlxtras=0\ntemplate=0\ndirectionality=1\nfullscreen=1\nhtml_height=550\nhtml_width=750\npreview=1\ninsertdate=1\nformat_date=%Y-%m-%d\ninserttime=1\nformat_time=%H:%M:%S\n\n'),
 (20,'Editor - XStandard Lite 2.0','xstandard','editors',0,0,0,1,0,0,'0000-00-00 00:00:00',''),
 (21,'Editor Button - Image','image','editors-xtd',0,0,1,0,0,0,'0000-00-00 00:00:00',''),
 (22,'Editor Button - Pagebreak','pagebreak','editors-xtd',0,0,1,0,0,0,'0000-00-00 00:00:00',''),
 (23,'Editor Button - Readmore','readmore','editors-xtd',0,0,1,0,0,0,'0000-00-00 00:00:00',''),
 (24,'XML-RPC - Joomla','joomla','xmlrpc',0,7,0,1,0,0,'0000-00-00 00:00:00',''),
 (25,'XML-RPC - Blogger API','blogger','xmlrpc',0,7,0,1,0,0,'0000-00-00 00:00:00','catid=1\nsectionid=0\n\n'),
 (27,'System - SEF','sef','system',0,1,1,0,0,0,'0000-00-00 00:00:00',''),
 (28,'System - Debug','debug','system',0,2,1,0,0,0,'0000-00-00 00:00:00','queries=1\nmemory=1\nlangauge=1\n\n'),
 (29,'System - Legacy','legacy','system',0,3,0,1,0,0,'0000-00-00 00:00:00','route=0\n\n'),
 (30,'System - Cache','cache','system',0,4,0,1,0,0,'0000-00-00 00:00:00','browsercache=0\ncachetime=15\n\n'),
 (31,'System - Log','log','system',0,5,0,1,0,0,'0000-00-00 00:00:00',''),
 (32,'System - Remember Me','remember','system',0,6,1,1,0,0,'0000-00-00 00:00:00',''),
 (33,'System - Backlink','backlink','system',0,7,0,1,0,0,'0000-00-00 00:00:00','');


--
-- Definition of table `jos_poll_data`
--

CREATE TABLE `jos_poll_data` (
  `id` int(11) NOT NULL auto_increment,
  `pollid` int(11) NOT NULL default '0',
  `text` text NOT NULL,
  `hits` int(11) NOT NULL default '0',
  PRIMARY KEY  (`id`),
  KEY `pollid` (`pollid`,`text`(1))
) ENGINE=MyISAM AUTO_INCREMENT=13 DEFAULT CHARSET=utf8;

--
-- Dumping data for table `jos_poll_data`
--

INSERT INTO `jos_poll_data` (`id`,`pollid`,`text`,`hits`) VALUES 
 (1,14,'Community Sites',2),
 (2,14,'Public Brand Sites',3),
 (3,14,'eCommerce',1),
 (4,14,'Blogs',0),
 (5,14,'Intranets',0),
 (6,14,'Photo and Media Sites',2),
 (7,14,'All of the Above!',4),
 (8,14,'',0),
 (9,14,'',0),
 (10,14,'',0),
 (11,14,'',0),
 (12,14,'',0);


--
-- Definition of table `jos_poll_date`
--

CREATE TABLE `jos_poll_date` (
  `id` bigint(20) NOT NULL auto_increment,
  `date` datetime NOT NULL default '0000-00-00 00:00:00',
  `vote_id` int(11) NOT NULL default '0',
  `poll_id` int(11) NOT NULL default '0',
  PRIMARY KEY  (`id`),
  KEY `poll_id` (`poll_id`)
) ENGINE=MyISAM AUTO_INCREMENT=13 DEFAULT CHARSET=utf8;

--
-- Dumping data for table `jos_poll_date`
--

INSERT INTO `jos_poll_date` (`id`,`date`,`vote_id`,`poll_id`) VALUES 
 (1,'2006-10-09 13:01:58',1,14),
 (2,'2006-10-10 15:19:43',7,14),
 (3,'2006-10-11 11:08:16',7,14),
 (4,'2006-10-11 15:02:26',2,14),
 (5,'2006-10-11 15:43:03',7,14),
 (6,'2006-10-11 15:43:38',7,14),
 (7,'2006-10-12 00:51:13',2,14),
 (8,'2007-05-10 19:12:29',3,14),
 (9,'2007-05-14 14:18:00',6,14),
 (10,'2007-06-10 15:20:29',6,14),
 (11,'2007-07-03 12:37:53',2,14),
 (12,'2009-07-25 07:41:14',7,14);


--
-- Definition of table `jos_poll_menu`
--

CREATE TABLE `jos_poll_menu` (
  `pollid` int(11) NOT NULL default '0',
  `menuid` int(11) NOT NULL default '0',
  PRIMARY KEY  (`pollid`,`menuid`)
) ENGINE=MyISAM DEFAULT CHARSET=utf8;

--
-- Dumping data for table `jos_poll_menu`
--



--
-- Definition of table `jos_polls`
--

CREATE TABLE `jos_polls` (
  `id` int(11) unsigned NOT NULL auto_increment,
  `title` varchar(255) NOT NULL default '',
  `alias` varchar(255) NOT NULL default '',
  `voters` int(9) NOT NULL default '0',
  `checked_out` int(11) NOT NULL default '0',
  `checked_out_time` datetime NOT NULL default '0000-00-00 00:00:00',
  `published` tinyint(1) NOT NULL default '0',
  `access` int(11) NOT NULL default '0',
  `lag` int(11) NOT NULL default '0',
  PRIMARY KEY  (`id`)
) ENGINE=MyISAM AUTO_INCREMENT=15 DEFAULT CHARSET=utf8;

--
-- Dumping data for table `jos_polls`
--

INSERT INTO `jos_polls` (`id`,`title`,`alias`,`voters`,`checked_out`,`checked_out_time`,`published`,`access`,`lag`) VALUES 
 (14,'Joomla! is used for?','joomla-is-used-for',12,0,'0000-00-00 00:00:00',1,0,86400);


--
-- Definition of table `jos_sections`
--

CREATE TABLE `jos_sections` (
  `id` int(11) NOT NULL auto_increment,
  `title` varchar(255) NOT NULL default '',
  `name` varchar(255) NOT NULL default '',
  `alias` varchar(255) NOT NULL default '',
  `image` text NOT NULL,
  `scope` varchar(50) NOT NULL default '',
  `image_position` varchar(30) NOT NULL default '',
  `description` text NOT NULL,
  `published` tinyint(1) NOT NULL default '0',
  `checked_out` int(11) unsigned NOT NULL default '0',
  `checked_out_time` datetime NOT NULL default '0000-00-00 00:00:00',
  `ordering` int(11) NOT NULL default '0',
  `access` tinyint(3) unsigned NOT NULL default '0',
  `count` int(11) NOT NULL default '0',
  `params` text NOT NULL,
  PRIMARY KEY  (`id`),
  KEY `idx_scope` (`scope`)
) ENGINE=MyISAM AUTO_INCREMENT=6 DEFAULT CHARSET=utf8;

--
-- Dumping data for table `jos_sections`
--

INSERT INTO `jos_sections` (`id`,`title`,`name`,`alias`,`image`,`scope`,`image_position`,`description`,`published`,`checked_out`,`checked_out_time`,`ordering`,`access`,`count`,`params`) VALUES 
 (5,'ITForce','','itforce','','content','left','',1,0,'0000-00-00 00:00:00',6,0,6,'');


--
-- Definition of table `jos_stats_agents`
--

CREATE TABLE `jos_stats_agents` (
  `agent` varchar(255) NOT NULL default '',
  `type` tinyint(1) unsigned NOT NULL default '0',
  `hits` int(11) unsigned NOT NULL default '1'
) ENGINE=MyISAM DEFAULT CHARSET=utf8;

--
-- Dumping data for table `jos_stats_agents`
--



--
-- Definition of table `jos_templates_menu`
--

CREATE TABLE `jos_templates_menu` (
  `template` varchar(255) NOT NULL default '',
  `menuid` int(11) NOT NULL default '0',
  `client_id` tinyint(4) NOT NULL default '0',
  PRIMARY KEY  (`menuid`,`client_id`,`template`)
) ENGINE=MyISAM DEFAULT CHARSET=utf8;

--
-- Dumping data for table `jos_templates_menu`
--

INSERT INTO `jos_templates_menu` (`template`,`menuid`,`client_id`) VALUES 
 ('123wd-j15-9',0,0),
 ('khepri',0,1);


--
-- Definition of table `jos_weblinks`
--

CREATE TABLE `jos_weblinks` (
  `id` int(11) unsigned NOT NULL auto_increment,
  `catid` int(11) NOT NULL default '0',
  `sid` int(11) NOT NULL default '0',
  `title` varchar(250) NOT NULL default '',
  `alias` varchar(255) NOT NULL default '',
  `url` varchar(250) NOT NULL default '',
  `description` text NOT NULL,
  `date` datetime NOT NULL default '0000-00-00 00:00:00',
  `hits` int(11) NOT NULL default '0',
  `published` tinyint(1) NOT NULL default '0',
  `checked_out` int(11) NOT NULL default '0',
  `checked_out_time` datetime NOT NULL default '0000-00-00 00:00:00',
  `ordering` int(11) NOT NULL default '0',
  `archived` tinyint(1) NOT NULL default '0',
  `approved` tinyint(1) NOT NULL default '1',
  `params` text NOT NULL,
  PRIMARY KEY  (`id`),
  KEY `catid` (`catid`,`published`,`archived`)
) ENGINE=MyISAM AUTO_INCREMENT=7 DEFAULT CHARSET=utf8;

--
-- Dumping data for table `jos_weblinks`
--

INSERT INTO `jos_weblinks` (`id`,`catid`,`sid`,`title`,`alias`,`url`,`description`,`date`,`hits`,`published`,`checked_out`,`checked_out_time`,`ordering`,`archived`,`approved`,`params`) VALUES 
 (1,2,0,'Joomla!','joomla','http://www.joomla.org','Home of Joomla!','2005-02-14 15:19:02',3,1,0,'0000-00-00 00:00:00',1,0,1,'target=0'),
 (2,2,0,'php.net','php','http://www.php.net','The language that Joomla! is developed in','2004-07-07 11:33:24',6,1,0,'0000-00-00 00:00:00',3,0,1,''),
 (3,2,0,'MySQL','mysql','http://www.mysql.com','The database that Joomla! uses','2004-07-07 10:18:31',1,1,0,'0000-00-00 00:00:00',5,0,1,''),
 (4,2,0,'OpenSourceMatters','opensourcematters','http://www.opensourcematters.org','Home of OSM','2005-02-14 15:19:02',11,1,0,'0000-00-00 00:00:00',2,0,1,'target=0'),
 (5,2,0,'Joomla! - Forums','joomla-forums','http://forum.joomla.org','Joomla! Forums','2005-02-14 15:19:02',4,1,0,'0000-00-00 00:00:00',4,0,1,'target=0'),
 (6,2,0,'Ohloh Tracking of Joomla!','ohloh-tracking-of-joomla','http://www.ohloh.net/projects/20','Objective reports from Ohloh about Joomla\'s development activity. Joomla! has some star developers with serious kudos.','2007-07-19 09:28:31',1,1,0,'0000-00-00 00:00:00',6,0,1,'target=0\n\n');




